CRAN Package Check Results for Package babel

Last updated on 2022-07-03 05:49:43 CEST.

Flavor Version Tinstall Tcheck Ttotal Status Flags
r-devel-linux-x86_64-debian-clang 0.3-0 4.63 232.56 237.19 OK
r-devel-linux-x86_64-debian-gcc 0.3-0 3.91 172.54 176.45 OK
r-devel-linux-x86_64-fedora-clang 0.3-0 299.83 OK
r-devel-linux-x86_64-fedora-gcc 0.3-0 320.59 OK
r-devel-windows-x86_64 0.3-0 16.00 88.00 104.00 OK --no-vignettes
r-patched-linux-x86_64 0.3-0 3.95 239.07 243.02 OK
r-release-linux-x86_64 0.3-0 4.28 241.99 246.27 OK
r-release-macos-arm64 0.3-0 215.00 OK
r-release-macos-x86_64 0.3-0 250.00 OK
r-release-windows-x86_64 0.3-0 8.00 22.00 30.00 ERROR --no-vignettes
r-oldrel-macos-arm64 0.3-0 271.00 OK
r-oldrel-macos-x86_64 0.3-0 374.00 OK
r-oldrel-windows-ix86+x86_64 0.3-0 10.00 90.00 100.00 OK --no-vignettes

Check Details

Version: 0.3-0
Flags: --no-vignettes
Check: whether package can be installed
Result: ERROR
    Installation failed.
Flavor: r-release-windows-x86_64