CRAN Package Check Results for Package aws.s3

Last updated on 2021-09-20 04:57:58 CEST.

Flavor Version Tinstall Tcheck Ttotal Status Flags
r-devel-linux-x86_64-debian-clang 0.3.21 4.35 40.82 45.17 OK
r-devel-linux-x86_64-debian-gcc 0.3.21 3.46 31.91 35.37 OK
r-devel-linux-x86_64-fedora-clang 0.3.21 62.30 OK
r-devel-linux-x86_64-fedora-gcc 0.3.21 51.63 OK
r-devel-windows-x86_64 0.3.21 7.00 63.00 70.00 OK
r-devel-windows-x86_64-gcc10-UCRT 0.3.21 ERROR
r-patched-linux-x86_64 0.3.21 4.58 40.39 44.97 OK
r-patched-solaris-x86 0.3.21 80.20 OK
r-release-linux-x86_64 0.3.21 4.12 40.19 44.31 OK
r-release-macos-arm64 0.3.21 OK
r-release-macos-x86_64 0.3.21 OK
r-release-windows-ix86+x86_64 0.3.21 13.00 76.00 89.00 OK
r-oldrel-macos-x86_64 0.3.21 OK
r-oldrel-windows-ix86+x86_64 0.3.21 12.00 66.00 78.00 OK

Check Details

Version: 0.3.21
Check: whether package can be installed
Result: WARN
    Found the following significant warnings:
     WARNING: installation-time patches will not be applied, could not get the patches index
Flavor: r-devel-windows-x86_64-gcc10-UCRT

Version: 0.3.21
Check: PDF version of manual
Result: WARN
    LaTeX errors when creating PDF version.
    This typically indicates Rd problems.
Flavor: r-devel-windows-x86_64-gcc10-UCRT

Version: 0.3.21
Check: PDF version of manual without hyperrefs or index
Result: ERROR
    Re-running with no redirection of stdout/stderr.
Flavor: r-devel-windows-x86_64-gcc10-UCRT