CRAN Package Check Results for Package autothresholdr

Last updated on 2021-07-29 19:52:11 CEST.

Flavor Version Tinstall Tcheck Ttotal Status Flags
r-devel-linux-x86_64-debian-clang 1.3.11 OK
r-devel-linux-x86_64-debian-gcc 1.3.11 18.92 40.70 59.62 OK
r-devel-linux-x86_64-fedora-clang 1.3.11 118.21 OK
r-devel-linux-x86_64-fedora-gcc 1.3.11 101.98 OK
r-devel-windows-x86_64 1.3.11 48.00 86.00 134.00 OK
r-devel-windows-x86_64-gcc10-UCRT 1.3.11 OK
r-patched-linux-x86_64 1.3.11 24.57 50.70 75.27 OK
r-patched-solaris-x86 1.3.11 143.20 OK
r-release-linux-x86_64 1.3.11 22.91 50.78 73.69 OK
r-release-macos-arm64 1.3.11 WARN
r-release-macos-x86_64 1.3.11 OK
r-release-windows-ix86+x86_64 1.3.11 72.00 109.00 181.00 OK
r-oldrel-macos-x86_64 1.3.11 OK
r-oldrel-windows-ix86+x86_64 1.3.11 54.00 105.00 159.00 OK

Check Details

Version: 1.3.11
Check: re-building of vignette outputs
Result: WARN
    Error(s) in re-building vignettes:
    --- re-building ‘finding-thresholds.Rmd’ using rmarkdown
    Warning in engine$weave(file, quiet = quiet, encoding = enc) :
     Pandoc (>= 1.12.3) not available. Falling back to R Markdown v1.
    
    Attaching package: 'dplyr'
    
    The following objects are masked from 'package:stats':
    
     filter, lag
    
    The following objects are masked from 'package:base':
    
     intersect, setdiff, setequal, union
    
    Quitting from lines 43-49 (finding-thresholds.Rmd)
    Error: processing vignette 'finding-thresholds.Rmd' failed with diagnostics:
    polygon edge not found
    --- failed re-building ‘finding-thresholds.Rmd’
    
    --- re-building ‘thresholding-image-stacks.Rmd’ using rmarkdown
    Warning in engine$weave(file, quiet = quiet, encoding = enc) :
     Pandoc (>= 1.12.3) not available. Falling back to R Markdown v1.
    --- finished re-building ‘thresholding-image-stacks.Rmd’
    
    --- re-building ‘thresholding-images.Rmd’ using rmarkdown
    Warning in engine$weave(file, quiet = quiet, encoding = enc) :
     Pandoc (>= 1.12.3) not available. Falling back to R Markdown v1.
    --- finished re-building ‘thresholding-images.Rmd’
    
    SUMMARY: processing the following file failed:
     ‘finding-thresholds.Rmd’
    
    Error: Vignette re-building failed.
    Execution halted
Flavor: r-release-macos-arm64