CRAN Package Check Results for Package autota

Last updated on 2021-07-24 19:50:10 CEST.

Flavor Version Tinstall Tcheck Ttotal Status Flags
r-devel-linux-x86_64-debian-clang 0.1.3 0.49 2.49 2.98 ERROR
r-devel-linux-x86_64-debian-gcc 0.1.3 0.39 1.95 2.34 ERROR
r-devel-linux-x86_64-fedora-clang 0.1.3 12.20 ERROR
r-devel-linux-x86_64-fedora-gcc 0.1.3 2.49 ERROR
r-devel-windows-x86_64 0.1.3 4.00 41.00 45.00 NOTE
r-devel-windows-x86_64-gcc10-UCRT 0.1.3 NOTE
r-patched-linux-x86_64 0.1.3 3.16 32.40 35.56 NOTE
r-patched-solaris-x86 0.1.3 72.70 NOTE
r-release-linux-x86_64 0.1.3 3.19 32.39 35.58 NOTE
r-release-macos-arm64 0.1.3 NOTE
r-release-macos-x86_64 0.1.3 NOTE
r-release-windows-ix86+x86_64 0.1.3 8.00 38.00 46.00 NOTE
r-oldrel-macos-x86_64 0.1.3 NOTE
r-oldrel-windows-ix86+x86_64 0.1.3 8.00 54.00 62.00 OK

Additional issues

donttest

Check Details

Version: 0.1.3
Check: package dependencies
Result: ERROR
    Package required but not available: 'stringdist'
    
    See section 'The DESCRIPTION file' in the 'Writing R Extensions'
    manual.
Flavors: r-devel-linux-x86_64-debian-clang, r-devel-linux-x86_64-debian-gcc, r-devel-linux-x86_64-fedora-clang, r-devel-linux-x86_64-fedora-gcc

Version: 0.1.3
Check: LazyData
Result: NOTE
     'LazyData' is specified without a 'data' directory
Flavors: r-devel-windows-x86_64, r-devel-windows-x86_64-gcc10-UCRT, r-patched-linux-x86_64, r-patched-solaris-x86, r-release-linux-x86_64, r-release-macos-arm64, r-release-macos-x86_64, r-release-windows-ix86+x86_64

Version: 0.1.3
Check: dependencies in R code
Result: NOTE
    Namespace in Imports field not imported from: 'memoise'
     All declared Imports should be used.
Flavors: r-devel-windows-x86_64-gcc10-UCRT, r-patched-solaris-x86, r-release-macos-arm64, r-release-macos-x86_64, r-oldrel-macos-x86_64