CRAN Package Check Results for Package auto.pca

Last updated on 2021-10-28 05:50:20 CEST.

Flavor Version Tinstall Tcheck Ttotal Status Flags
r-devel-linux-x86_64-debian-clang 0.3 2.53 28.29 30.82 NOTE
r-devel-linux-x86_64-debian-gcc 0.3 2.03 22.22 24.25 NOTE
r-devel-linux-x86_64-fedora-clang 0.3 48.90 NOTE
r-devel-linux-x86_64-fedora-gcc 0.3 37.17 NOTE
r-devel-windows-x86_64 0.3 5.00 50.00 55.00 NOTE
r-devel-windows-x86_64-gcc10-UCRT 0.3 NOTE
r-patched-linux-x86_64 0.3 2.60 27.35 29.95 NOTE
r-patched-solaris-x86 0.3 60.90 NOTE
r-release-linux-x86_64 0.3 2.63 27.63 30.26 NOTE
r-release-macos-arm64 0.3 NOTE
r-release-macos-x86_64 0.3 NOTE
r-release-windows-ix86+x86_64 0.3 6.00 49.00 55.00 NOTE
r-oldrel-macos-x86_64 0.3 OK
r-oldrel-windows-ix86+x86_64 0.3 6.00 48.00 54.00 OK

Check Details

Version: 0.3
Check: LazyData
Result: NOTE
     'LazyData' is specified without a 'data' directory
Flavors: r-devel-linux-x86_64-debian-clang, r-devel-linux-x86_64-debian-gcc, r-devel-linux-x86_64-fedora-clang, r-devel-linux-x86_64-fedora-gcc, r-devel-windows-x86_64, r-devel-windows-x86_64-gcc10-UCRT, r-patched-linux-x86_64, r-patched-solaris-x86, r-release-linux-x86_64, r-release-macos-arm64, r-release-macos-x86_64, r-release-windows-ix86+x86_64