CRAN Package Check Results for Package auto.pca

Last updated on 2023-03-29 04:51:04 CEST.

Flavor Version Tinstall Tcheck Ttotal Status Flags
r-devel-linux-x86_64-debian-clang 0.3 2.71 30.04 32.75 NOTE
r-devel-linux-x86_64-debian-gcc 0.3 2.09 23.81 25.90 NOTE
r-devel-linux-x86_64-fedora-clang 0.3 42.18 NOTE
r-devel-linux-x86_64-fedora-gcc 0.3 40.16 NOTE
r-devel-windows-x86_64 0.3 8.00 0.00 8.00 NOTE
r-patched-linux-x86_64 0.3 2.78 28.97 31.75 NOTE
r-release-linux-x86_64 0.3 2.82 30.18 33.00 NOTE
r-release-macos-arm64 0.3 18.00 NOTE
r-release-macos-x86_64 0.3 24.00 NOTE
r-release-windows-x86_64 0.3 11.00 60.00 71.00 NOTE
r-oldrel-macos-arm64 0.3 24.00 NOTE
r-oldrel-macos-x86_64 0.3 31.00 NOTE
r-oldrel-windows-ix86+x86_64 0.3 8.00 58.00 66.00 NOTE

Check Details

Version: 0.3
Check: LazyData
Result: NOTE
     'LazyData' is specified without a 'data' directory
Flavors: r-devel-linux-x86_64-debian-clang, r-devel-linux-x86_64-debian-gcc, r-devel-linux-x86_64-fedora-clang, r-devel-linux-x86_64-fedora-gcc, r-devel-windows-x86_64, r-patched-linux-x86_64, r-release-linux-x86_64, r-release-macos-arm64, r-release-macos-x86_64, r-release-windows-x86_64, r-oldrel-macos-arm64, r-oldrel-macos-x86_64, r-oldrel-windows-ix86+x86_64