CRAN Package Check Results for Package auto.pca

Last updated on 2024-04-15 05:55:09 CEST.

Flavor Version Tinstall Tcheck Ttotal Status Flags
r-devel-linux-x86_64-debian-clang 0.3 2.81 31.73 34.54 NOTE
r-devel-linux-x86_64-debian-gcc 0.3 1.95 23.87 25.82 NOTE
r-devel-linux-x86_64-fedora-clang 0.3 44.82 NOTE
r-devel-linux-x86_64-fedora-gcc 0.3 41.20 NOTE
r-devel-windows-x86_64 0.3 3.00 43.00 46.00 NOTE
r-patched-linux-x86_64 0.3 3.05 30.19 33.24 NOTE
r-release-linux-x86_64 0.3 3.14 30.09 33.23 NOTE
r-release-macos-arm64 0.3 15.00 NOTE
r-release-macos-x86_64 0.3 26.00 NOTE
r-release-windows-x86_64 0.3 4.00 46.00 50.00 NOTE
r-oldrel-macos-arm64 0.3 21.00 NOTE
r-oldrel-windows-x86_64 0.3 5.00 54.00 59.00 NOTE

Check Details

Version: 0.3
Check: LazyData
Result: NOTE 'LazyData' is specified without a 'data' directory Flavors: r-devel-linux-x86_64-debian-clang, r-devel-linux-x86_64-debian-gcc, r-devel-linux-x86_64-fedora-clang, r-devel-linux-x86_64-fedora-gcc, r-devel-windows-x86_64, r-patched-linux-x86_64, r-release-linux-x86_64, r-release-macos-arm64, r-release-macos-x86_64, r-release-windows-x86_64, r-oldrel-macos-arm64, r-oldrel-windows-x86_64