CRAN Package Check Results for Package aurelius

Last updated on 2021-10-20 16:50:27 CEST.

Flavor Version Tinstall Tcheck Ttotal Status Flags
r-devel-linux-x86_64-debian-clang 0.8.4 10.31 103.35 113.66 NOTE
r-devel-linux-x86_64-debian-gcc 0.8.4 9.83 79.37 89.20 NOTE
r-devel-linux-x86_64-fedora-clang 0.8.4 151.48 NOTE
r-devel-linux-x86_64-fedora-gcc 0.8.4 140.98 NOTE
r-devel-windows-x86_64 0.8.4 18.00 147.00 165.00 NOTE
r-devel-windows-x86_64-gcc10-UCRT 0.8.4 NOTE
r-patched-linux-x86_64 0.8.4 14.33 103.67 118.00 NOTE
r-patched-solaris-x86 0.8.4 193.70 NOTE
r-release-linux-x86_64 0.8.4 12.34 103.01 115.35 NOTE
r-release-macos-arm64 0.8.4 NOTE
r-release-macos-x86_64 0.8.4 NOTE
r-release-windows-ix86+x86_64 0.8.4 15.00 145.00 160.00 NOTE
r-oldrel-macos-x86_64 0.8.4 NOTE
r-oldrel-windows-ix86+x86_64 0.8.4 25.00 156.00 181.00 NOTE

Check Details

Version: 0.8.4
Check: package dependencies
Result: NOTE
    Package which this enhances but not available for checking: 'rPython'
Flavors: r-devel-linux-x86_64-debian-clang, r-devel-linux-x86_64-debian-gcc, r-devel-linux-x86_64-fedora-clang, r-devel-linux-x86_64-fedora-gcc, r-devel-windows-x86_64, r-devel-windows-x86_64-gcc10-UCRT, r-patched-linux-x86_64, r-patched-solaris-x86, r-release-linux-x86_64, r-release-macos-arm64, r-release-macos-x86_64, r-release-windows-ix86+x86_64, r-oldrel-macos-x86_64, r-oldrel-windows-ix86+x86_64

Version: 0.8.4
Check: LazyData
Result: NOTE
     'LazyData' is specified without a 'data' directory
Flavors: r-devel-linux-x86_64-debian-clang, r-devel-linux-x86_64-debian-gcc, r-devel-linux-x86_64-fedora-clang, r-devel-linux-x86_64-fedora-gcc, r-devel-windows-x86_64, r-devel-windows-x86_64-gcc10-UCRT, r-patched-linux-x86_64, r-patched-solaris-x86, r-release-linux-x86_64, r-release-macos-arm64, r-release-macos-x86_64, r-release-windows-ix86+x86_64