CRAN Package Check Results for Package auk

Last updated on 2021-07-23 07:49:39 CEST.

Flavor Version Tinstall Tcheck Ttotal Status Flags
r-devel-linux-x86_64-debian-clang 0.4.3 5.32 84.74 90.06 OK
r-devel-linux-x86_64-debian-gcc 0.4.4 5.07 63.75 68.82 OK
r-devel-linux-x86_64-fedora-clang 0.4.4 120.82 NOTE
r-devel-linux-x86_64-fedora-gcc 0.4.4 111.34 NOTE
r-devel-windows-x86_64 0.4.4 11.00 115.00 126.00 OK
r-devel-windows-x86_64-gcc10-UCRT 0.4.3 NOTE
r-patched-linux-x86_64 0.4.4 12.59 79.82 92.41 OK
r-patched-solaris-x86 0.4.4 128.00 NOTE
r-release-linux-x86_64 0.4.3 5.58 82.73 88.31 ERROR
r-release-macos-arm64 0.4.3 NOTE
r-release-macos-x86_64 0.4.3 NOTE
r-release-windows-ix86+x86_64 0.4.3 11.00 125.00 136.00 OK
r-oldrel-macos-x86_64 0.4.3 NOTE
r-oldrel-windows-ix86+x86_64 0.4.3 12.00 119.00 131.00 OK

Check Details

Version: 0.4.4
Check: data for non-ASCII characters
Result: NOTE
     Note: found 552 marked UTF-8 strings
Flavors: r-devel-linux-x86_64-fedora-clang, r-devel-linux-x86_64-fedora-gcc, r-patched-solaris-x86

Version: 0.4.3
Check: data for non-ASCII characters
Result: NOTE
     Note: found 552 marked UTF-8 strings
Flavors: r-devel-windows-x86_64-gcc10-UCRT, r-release-macos-arm64, r-release-macos-x86_64, r-oldrel-macos-x86_64

Version: 0.4.3
Check: tests
Result: ERROR
     Running ‘testthat.R’ [23s/33s]
    Running the tests in ‘tests/testthat.R’ failed.
    Complete output:
     > library(testthat)
     > library(auk)
     auk 0.4.2 is designed for EBD files downloaded after 2019-08-15.
     No EBD data directory set, see ?auk_set_ebd_path to set EBD_PATH
     eBird taxonomy version: 2019
     >
     > test_check("auk")
     ══ Skipped tests ═══════════════════════════════════════════════════════════════
     • On CRAN (21)
    
     ══ Failed tests ════════════════════════════════════════════════════════════════
     ── Failure (test_filters.r:43:5): auk_species ──────────────────────────────────
     `auk_species(ebd, "Canada Jay", taxonomy_version = 2016)` produced messages.
    
     [ FAIL 1 | WARN 0 | SKIP 21 | PASS 409 ]
     Error: Test failures
     Execution halted
Flavor: r-release-linux-x86_64

Version: 0.4.3
Check: package dependencies
Result: NOTE
    Package suggested but not available for checking: ‘sf’
Flavor: r-release-macos-arm64