CRAN Package Check Results for Package audiometry

Last updated on 2021-09-21 16:51:08 CEST.

Flavor Version Tinstall Tcheck Ttotal Status Flags
r-devel-linux-x86_64-debian-clang 0.3.0 4.10 60.32 64.42 OK
r-devel-linux-x86_64-debian-gcc 0.3.0 3.26 44.00 47.26 OK
r-devel-linux-x86_64-fedora-clang 0.3.0 82.79 OK
r-devel-linux-x86_64-fedora-gcc 0.3.0 72.20 OK
r-devel-windows-x86_64 0.3.0 7.00 60.00 67.00 OK
r-devel-windows-x86_64-gcc10-UCRT 0.3.0 ERROR
r-patched-linux-x86_64 0.3.0 4.22 56.78 61.00 OK
r-patched-solaris-x86 0.3.0 105.70 OK
r-release-linux-x86_64 0.3.0 3.79 56.00 59.79 OK
r-release-macos-arm64 0.3.0 OK
r-release-macos-x86_64 0.3.0 OK
r-release-windows-ix86+x86_64 0.3.0 12.00 78.00 90.00 OK
r-oldrel-macos-x86_64 0.3.0 ERROR
r-oldrel-windows-ix86+x86_64 0.3.0 13.00 76.00 89.00 ERROR

Check Details

Version: 0.3.0
Check: whether package can be installed
Result: WARN
    Found the following significant warnings:
     WARNING: installation-time patches will not be applied, could not get the patches index
Flavor: r-devel-windows-x86_64-gcc10-UCRT

Version: 0.3.0
Check: PDF version of manual
Result: WARN
    LaTeX errors when creating PDF version.
    This typically indicates Rd problems.
Flavor: r-devel-windows-x86_64-gcc10-UCRT

Version: 0.3.0
Check: PDF version of manual without hyperrefs or index
Result: ERROR
    Re-running with no redirection of stdout/stderr.
Flavor: r-devel-windows-x86_64-gcc10-UCRT

Version: 0.3.0
Check: for unstated dependencies in examples
Result: WARN
    Warning: parse error in file 'lines':
    62: unexpected '>'
    39: library(ggplot2)
    40: data.frame(loud = c(20, 35, 50, 65), perc = c(0,10,65,100)) |>
     ^
Flavor: r-oldrel-macos-x86_64

Version: 0.3.0
Check: examples
Result: ERROR
    Running examples in ‘audiometry-Ex.R’ failed
    The error most likely occurred in:
    
    > ### Name: gg_freiburg
    > ### Title: Freiburger Sprachtest data with ggplot2
    > ### Aliases: gg_freiburg
    >
    > ### ** Examples
    >
    > library(ggplot2)
    > data.frame(loud = c(20, 35, 50, 65), perc = c(0,10,65,100)) |>
    Error: unexpected '>' in "data.frame(loud = c(20, 35, 50, 65), perc = c(0,10,65,100)) |>"
    Execution halted
Flavors: r-oldrel-macos-x86_64, r-oldrel-windows-ix86+x86_64

Version: 0.3.0
Check: for unstated dependencies in vignettes
Result: NOTE
    Warning: parse error in file '/Volumes/Builds/packages/high-sierra-x86_64/results/4.0/audiometry.Rcheck/audiometry/doc/Freiburger.R':
    16:64: unexpected '>'
    15: data.frame(loud1 = c(10, 20, 30, 40), perc1 = c(0, 25, 75, 100),
    16: loud2 = c(20, 35, 50, 65), perc2 = c(0,10,65,100)) |>
     ^
Flavor: r-oldrel-macos-x86_64

Version: 0.3.0
Check: re-building of vignette outputs
Result: WARN
    Error(s) in re-building vignettes:
     ...
    --- re-building ‘Freiburger.Rmd’ using rmarkdown
    Pandoc is required to build R Markdown vignettes but not available. Please make sure it is installed.
    Quitting from lines 36-43 (Freiburger.Rmd)
    Error: processing vignette 'Freiburger.Rmd' failed with diagnostics:
    <text>:2:64: unexpected '>'
    1: data.frame(loud1 = c(10, 20, 30, 40), perc1 = c(0, 25, 75, 100),
    2: loud2 = c(20, 35, 50, 65), perc2 = c(0,10,65,100)) |>
     ^
    --- failed re-building ‘Freiburger.Rmd’
    
    --- re-building ‘Intro_to_PTA_Standards.Rmd’ using rmarkdown
    Pandoc is required to build R Markdown vignettes but not available. Please make sure it is installed.
    --- finished re-building ‘Intro_to_PTA_Standards.Rmd’
    
    SUMMARY: processing the following file failed:
     ‘Freiburger.Rmd’
    
    Error: Vignette re-building failed.
    Execution halted
Flavor: r-oldrel-macos-x86_64

Version: 0.3.0
Check: for unstated dependencies in examples
Result: WARN
    Warning: parse error in file 'lines':
    62: unexpected '>'
    40: library(ggplot2)
    41: data.frame(loud = c(20, 35, 50, 65), perc = c(0,10,65,100)) |>
     ^
Flavor: r-oldrel-windows-ix86+x86_64

Version: 0.3.0
Check: for unstated dependencies in vignettes
Result: NOTE
    Warning: parse error in file 'd:/RCompile/CRANpkg/lib/4.0/audiometry/doc/Freiburger.R':
    /RCompile/CRANpkg/lib/4.0/audiometry/doc/Freiburger.R:16:64: unexpected '>'
    15: data.frame(loud1 = c(10, 20, 30, 40), perc1 = c(0, 25, 75, 100),
    16: loud2 = c(20, 35, 50, 65), perc2 = c(0,10,65,100)) |>
     ^
Flavor: r-oldrel-windows-ix86+x86_64

Version: 0.3.0
Check: re-building of vignette outputs
Result: WARN
    Error(s) in re-building vignettes:
    --- re-building 'Freiburger.Rmd' using rmarkdown
    Quitting from lines 36-43 (Freiburger.Rmd)
    Error: processing vignette 'Freiburger.Rmd' failed with diagnostics:
    <text>:2:64: unexpected '>'
    1: data.frame(loud1 = c(10, 20, 30, 40), perc1 = c(0, 25, 75, 100),
    2: loud2 = c(20, 35, 50, 65), perc2 = c(0,10,65,100)) |>
     ^
    --- failed re-building 'Freiburger.Rmd'
    
    --- re-building 'Intro_to_PTA_Standards.Rmd' using rmarkdown
    --- finished re-building 'Intro_to_PTA_Standards.Rmd'
    
    SUMMARY: processing the following file failed:
     'Freiburger.Rmd'
    
    Error: Vignette re-building failed.
    Execution halted
Flavor: r-oldrel-windows-ix86+x86_64