CRAN Package Check Results for Package attenuation

Last updated on 2022-01-23 00:57:04 CET.

Flavor Version Tinstall Tcheck Ttotal Status Flags
r-devel-linux-x86_64-debian-clang 1.0.0 2.87 46.19 49.06 NOTE
r-devel-linux-x86_64-debian-gcc 1.0.0 1.91 33.13 35.04 NOTE
r-devel-linux-x86_64-fedora-clang 1.0.0 58.75 NOTE
r-devel-linux-x86_64-fedora-gcc 1.0.0 47.15 NOTE
r-devel-windows-x86_64-new-UL 1.0.0 37.00 59.00 96.00 NOTE
r-devel-windows-x86_64-new-TK 1.0.0 NOTE
r-patched-linux-x86_64 1.0.0 2.49 44.92 47.41 NOTE
r-release-linux-x86_64 1.0.0 2.51 45.13 47.64 NOTE
r-release-macos-arm64 1.0.0 NOTE
r-release-macos-x86_64 1.0.0 NOTE
r-release-windows-ix86+x86_64 1.0.0 6.00 53.00 59.00 NOTE
r-oldrel-macos-x86_64 1.0.0 OK
r-oldrel-windows-ix86+x86_64 1.0.0 6.00 54.00 60.00 OK

Check Details

Version: 1.0.0
Check: LazyData
Result: NOTE
     'LazyData' is specified without a 'data' directory
Flavors: r-devel-linux-x86_64-debian-clang, r-devel-linux-x86_64-debian-gcc, r-devel-linux-x86_64-fedora-clang, r-devel-linux-x86_64-fedora-gcc, r-devel-windows-x86_64-new-UL, r-devel-windows-x86_64-new-TK, r-patched-linux-x86_64, r-release-linux-x86_64, r-release-macos-arm64, r-release-macos-x86_64, r-release-windows-ix86+x86_64