CRAN Package Check Results for Package atmopt

Last updated on 2022-08-11 09:53:12 CEST.

Flavor Version Tinstall Tcheck Ttotal Status Flags
r-devel-linux-x86_64-debian-clang 0.1.0 2.92 36.04 38.96 NOTE
r-devel-linux-x86_64-debian-gcc 0.1.0 2.78 27.89 30.67 NOTE
r-devel-linux-x86_64-fedora-clang 0.1.0 57.00 NOTE
r-devel-linux-x86_64-fedora-gcc 0.1.0 55.96 NOTE
r-devel-windows-x86_64 0.1.0 11.00 59.00 70.00 NOTE
r-patched-linux-x86_64 0.1.0 3.20 34.69 37.89 NOTE
r-release-linux-x86_64 0.1.0 NOTE
r-release-macos-arm64 0.1.0 20.00 NOTE
r-release-macos-x86_64 0.1.0 26.00 NOTE
r-release-windows-x86_64 0.1.0 15.00 62.00 77.00 NOTE
r-oldrel-macos-arm64 0.1.0 23.00 NOTE
r-oldrel-macos-x86_64 0.1.0 34.00 NOTE
r-oldrel-windows-ix86+x86_64 0.1.0 9.00 54.00 63.00 NOTE

Check Details

Version: 0.1.0
Check: LazyData
Result: NOTE
     'LazyData' is specified without a 'data' directory
Flavors: r-devel-linux-x86_64-debian-clang, r-devel-linux-x86_64-debian-gcc, r-devel-linux-x86_64-fedora-clang, r-devel-linux-x86_64-fedora-gcc, r-devel-windows-x86_64, r-patched-linux-x86_64, r-release-linux-x86_64, r-release-macos-arm64, r-release-macos-x86_64, r-release-windows-x86_64, r-oldrel-macos-arm64, r-oldrel-macos-x86_64, r-oldrel-windows-ix86+x86_64