CRAN Package Check Results for Package ata

Last updated on 2021-09-23 04:56:12 CEST.

Flavor Version Tinstall Tcheck Ttotal Status Flags
r-devel-linux-x86_64-debian-clang 1.1.1 3.88 30.88 34.76 OK
r-devel-linux-x86_64-debian-gcc 1.1.1 3.37 23.26 26.63 OK
r-devel-linux-x86_64-fedora-clang 1.1.1 50.89 OK
r-devel-linux-x86_64-fedora-gcc 1.1.1 40.58 OK
r-devel-windows-x86_64 1.1.1 6.00 35.00 41.00 OK
r-devel-windows-x86_64-gcc10-UCRT 1.1.1 ERROR
r-patched-linux-x86_64 1.1.1 4.56 29.93 34.49 OK
r-patched-solaris-x86 1.1.1 57.60 OK
r-release-linux-x86_64 1.1.1 4.03 30.01 34.04 OK
r-release-macos-arm64 1.1.1 OK
r-release-macos-x86_64 1.1.1 OK
r-release-windows-ix86+x86_64 1.1.1 8.00 43.00 51.00 OK
r-oldrel-macos-x86_64 1.1.1 OK
r-oldrel-windows-ix86+x86_64 1.1.1 6.00 35.00 41.00 OK

Check Details

Version: 1.1.1
Check: PDF version of manual
Result: WARN
    LaTeX errors when creating PDF version.
    This typically indicates Rd problems.
Flavor: r-devel-windows-x86_64-gcc10-UCRT

Version: 1.1.1
Check: PDF version of manual without hyperrefs or index
Result: ERROR
    Re-running with no redirection of stdout/stderr.
Flavor: r-devel-windows-x86_64-gcc10-UCRT