CRAN Package Check Results for Package aslib

Last updated on 2021-07-24 07:49:17 CEST.

Flavor Version Tinstall Tcheck Ttotal Status Flags
r-devel-linux-x86_64-debian-clang 0.1.1 1.24 2.70 3.94 ERROR
r-devel-linux-x86_64-debian-gcc 0.1.1 15.10 132.21 147.31 NOTE
r-devel-linux-x86_64-fedora-clang 0.1.1 257.87 NOTE
r-devel-linux-x86_64-fedora-gcc 0.1.1 238.35 NOTE
r-devel-windows-x86_64 0.1.1 18.00 137.00 155.00 NOTE
r-devel-windows-x86_64-gcc10-UCRT 0.1.1 NOTE
r-patched-linux-x86_64 0.1.1 19.95 167.41 187.36 NOTE
r-release-linux-x86_64 0.1.1 18.19 169.89 188.08 NOTE
r-release-macos-arm64 0.1.1 ERROR
r-release-macos-x86_64 0.1.1 NOTE
r-release-windows-ix86+x86_64 0.1.1 39.00 139.00 178.00 NOTE
r-oldrel-macos-x86_64 0.1.1 OK
r-oldrel-windows-ix86+x86_64 0.1.1 41.00 167.00 208.00 OK

Check Details

Version: 0.1.1
Check: package dependencies
Result: ERROR
    Packages required but not available: 'llama', 'mlr', 'ParamHelpers'
    
    See section 'The DESCRIPTION file' in the 'Writing R Extensions'
    manual.
Flavor: r-devel-linux-x86_64-debian-clang

Version: 0.1.1
Check: LazyData
Result: NOTE
     'LazyData' is specified without a 'data' directory
Flavors: r-devel-linux-x86_64-debian-gcc, r-devel-linux-x86_64-fedora-clang, r-devel-linux-x86_64-fedora-gcc, r-devel-windows-x86_64, r-devel-windows-x86_64-gcc10-UCRT, r-patched-linux-x86_64, r-release-linux-x86_64, r-release-macos-x86_64, r-release-windows-ix86+x86_64

Version: 0.1.1
Check: whether package can be installed
Result: ERROR
    Installation failed.
Flavor: r-release-macos-arm64