CRAN Package Check Results for Package asciiSetupReader

Last updated on 2021-07-24 07:49:17 CEST.

Flavor Version Tinstall Tcheck Ttotal Status Flags
r-devel-linux-x86_64-debian-clang 2.4.0 4.23 233.57 237.80 NOTE
r-devel-linux-x86_64-debian-gcc 2.4.0 2.85 242.80 245.65 NOTE
r-devel-linux-x86_64-fedora-clang 2.4.0 416.72 NOTE
r-devel-linux-x86_64-fedora-gcc 2.4.0 364.37 NOTE
r-devel-windows-x86_64 2.4.0 7.00 223.00 230.00 NOTE
r-devel-windows-x86_64-gcc10-UCRT 2.4.0 NOTE
r-patched-linux-x86_64 2.4.0 4.97 299.27 304.24 NOTE
r-patched-solaris-x86 2.4.0 506.70 NOTE
r-release-linux-x86_64 2.4.0 4.15 299.45 303.60 NOTE
r-release-macos-arm64 2.4.0 NOTE
r-release-macos-x86_64 2.4.0 NOTE
r-release-windows-ix86+x86_64 2.4.0 9.00 299.00 308.00 NOTE
r-oldrel-macos-x86_64 2.4.0 OK
r-oldrel-windows-ix86+x86_64 2.4.0 10.00 299.00 309.00 OK

Check Details

Version: 2.4.0
Check: LazyData
Result: NOTE
     'LazyData' is specified without a 'data' directory
Flavors: r-devel-linux-x86_64-debian-clang, r-devel-linux-x86_64-debian-gcc, r-devel-linux-x86_64-fedora-clang, r-devel-linux-x86_64-fedora-gcc, r-devel-windows-x86_64, r-devel-windows-x86_64-gcc10-UCRT, r-patched-linux-x86_64, r-patched-solaris-x86, r-release-linux-x86_64, r-release-macos-arm64, r-release-macos-x86_64, r-release-windows-ix86+x86_64