CRAN Package Check Results for Package aroma.core

Last updated on 2021-10-26 05:13:19 CEST.

Flavor Version Tinstall Tcheck Ttotal Status Flags
r-devel-linux-x86_64-debian-clang 3.2.2 29.10 180.98 210.08 NOTE
r-devel-linux-x86_64-debian-gcc 3.2.2 24.04 134.23 158.27 NOTE
r-devel-linux-x86_64-fedora-clang 3.2.2 281.30 NOTE
r-devel-linux-x86_64-fedora-gcc 3.2.2 258.37 NOTE
r-devel-windows-x86_64 3.2.2 46.00 151.00 197.00 NOTE
r-devel-windows-x86_64-gcc10-UCRT 3.2.2 NOTE
r-patched-linux-x86_64 3.2.2 40.34 175.71 216.05 NOTE
r-patched-solaris-x86 3.2.2 280.30 NOTE
r-release-linux-x86_64 3.2.2 26.88 174.72 201.60 NOTE
r-release-macos-arm64 3.2.2 NOTE
r-release-macos-x86_64 3.2.2 NOTE
r-release-windows-ix86+x86_64 3.2.2 39.00 210.00 249.00 NOTE
r-oldrel-macos-x86_64 3.2.2 NOTE
r-oldrel-windows-ix86+x86_64 3.2.2 54.00 216.00 270.00 NOTE

Check Details

Version: 3.2.2
Check: package dependencies
Result: NOTE
    Packages suggested but not available for checking:
     'sfit', 'expectile', 'HaarSeg', 'mpcbs'
Flavors: r-devel-linux-x86_64-debian-clang, r-devel-linux-x86_64-debian-gcc, r-devel-linux-x86_64-fedora-clang, r-devel-linux-x86_64-fedora-gcc, r-devel-windows-x86_64, r-devel-windows-x86_64-gcc10-UCRT, r-patched-linux-x86_64, r-patched-solaris-x86, r-release-linux-x86_64, r-release-windows-ix86+x86_64, r-oldrel-windows-ix86+x86_64

Version: 3.2.2
Check: package dependencies
Result: NOTE
    Packages suggested but not available for checking:
     'GLAD', 'sfit', 'expectile', 'HaarSeg', 'mpcbs'
Flavors: r-release-macos-arm64, r-release-macos-x86_64, r-oldrel-macos-x86_64

Version: 3.2.2
Check: Rd cross-references
Result: NOTE
    Package unavailable to check Rd xrefs: ‘GLAD’
Flavors: r-release-macos-arm64, r-oldrel-macos-x86_64