CRAN Package Check Results for Package aroma.cn

Last updated on 2021-10-23 05:51:20 CEST.

Flavor Version Tinstall Tcheck Ttotal Status Flags
r-devel-linux-x86_64-debian-clang 1.6.1 14.60 84.01 98.61 OK
r-devel-linux-x86_64-debian-gcc 1.6.1 10.94 62.98 73.92 OK
r-devel-linux-x86_64-fedora-clang 1.6.1 125.04 OK
r-devel-linux-x86_64-fedora-gcc 1.6.1 114.10 OK
r-devel-windows-x86_64 1.6.1 19.00 79.00 98.00 OK
r-devel-windows-x86_64-gcc10-UCRT 1.6.1 OK
r-patched-linux-x86_64 1.6.1 13.82 81.37 95.19 OK
r-patched-solaris-x86 1.6.1 147.80 OK
r-release-linux-x86_64 1.6.1 11.12 80.97 92.09 OK
r-release-macos-arm64 1.6.1 NOTE
r-release-macos-x86_64 1.6.1 NOTE
r-release-windows-ix86+x86_64 1.6.1 18.00 103.00 121.00 OK
r-oldrel-macos-x86_64 1.6.1 NOTE
r-oldrel-windows-ix86+x86_64 1.6.1 26.00 110.00 136.00 OK

Check Details

Version: 1.6.1
Check: package dependencies
Result: NOTE
    Package suggested but not available for checking: ‘GLAD’
Flavors: r-release-macos-arm64, r-release-macos-x86_64, r-oldrel-macos-x86_64