CRAN Package Check Results for Package aroma.apd

Last updated on 2021-12-06 11:51:47 CET.

Flavor Version Tinstall Tcheck Ttotal Status Flags
r-devel-linux-x86_64-debian-clang 0.6.0 4.09 44.52 48.61 OK
r-devel-linux-x86_64-debian-gcc 0.6.0 2.96 34.68 37.64 OK
r-devel-linux-x86_64-fedora-clang 0.6.0 58.77 OK
r-devel-linux-x86_64-fedora-gcc 0.6.0 47.45 OK
r-devel-windows-x86_64-new-UL 0.6.0 10.00 253.00 263.00 OK
r-devel-windows-x86_64-new-TK 0.6.0 OK
r-devel-windows-x86_64-old 0.6.0 6.00 50.00 56.00 OK
r-patched-linux-x86_64 0.6.0 3.54 34.09 37.63 OK
r-release-linux-x86_64 0.6.0 3.42 41.93 45.35 OK
r-release-macos-arm64 0.6.0 NOTE
r-release-macos-x86_64 0.6.0 OK
r-release-windows-ix86+x86_64 0.6.0 7.00 56.00 63.00 OK
r-oldrel-macos-x86_64 0.6.0 OK
r-oldrel-windows-ix86+x86_64 0.6.0 7.00 55.00 62.00 OK

Check Details

Version: 0.6.0
Check: package dependencies
Result: NOTE
    Package suggested but not available for checking: ‘affxparser’
Flavor: r-release-macos-arm64

Version: 0.6.0
Check: Rd cross-references
Result: NOTE
    Package unavailable to check Rd xrefs: ‘affxparser’
Flavor: r-release-macos-arm64