CRAN Package Check Results for Package aroma.affymetrix

Last updated on 2021-10-26 05:13:19 CEST.

Flavor Version Tinstall Tcheck Ttotal Status Flags
r-devel-linux-x86_64-debian-clang 3.2.0 62.29 308.41 370.70 OK
r-devel-linux-x86_64-debian-gcc 3.2.0 46.43 220.95 267.38 OK
r-devel-linux-x86_64-fedora-clang 3.2.0 472.38 NOTE
r-devel-linux-x86_64-fedora-gcc 3.2.0 431.92 OK
r-devel-windows-x86_64 3.2.0 96.00 251.00 347.00 NOTE
r-devel-windows-x86_64-gcc10-UCRT 3.2.0 OK
r-patched-linux-x86_64 3.2.0 68.56 295.11 363.67 OK
r-patched-solaris-x86 3.2.0 449.00 NOTE
r-release-linux-x86_64 3.2.0 55.04 293.22 348.26 OK
r-release-macos-arm64 3.2.0 NOTE
r-release-macos-x86_64 3.2.0 NOTE
r-release-windows-ix86+x86_64 3.2.0 65.00 327.00 392.00 NOTE
r-oldrel-macos-x86_64 3.2.0 NOTE
r-oldrel-windows-ix86+x86_64 3.2.0 98.00 328.00 426.00 NOTE

Check Details

Version: 3.2.0
Check: installed package size
Result: NOTE
     installed size is 5.8Mb
     sub-directories of 1Mb or more:
     R 2.3Mb
     help 1.1Mb
     testScripts 1.3Mb
Flavors: r-devel-linux-x86_64-fedora-clang, r-devel-windows-x86_64, r-patched-solaris-x86, r-release-macos-arm64, r-release-macos-x86_64, r-release-windows-ix86+x86_64, r-oldrel-macos-x86_64, r-oldrel-windows-ix86+x86_64

Version: 3.2.0
Check: package dependencies
Result: NOTE
    Packages suggested but not available for checking:
     'oligo', 'pdInfoBuilder', 'AffymetrixDataTestFiles'
Flavor: r-release-macos-arm64

Version: 3.2.0
Check: Rd cross-references
Result: NOTE
    Package unavailable to check Rd xrefs: ‘oligo’
Flavor: r-release-macos-arm64

Version: 3.2.0
Check: package dependencies
Result: NOTE
    Packages suggested but not available for checking:
     'pdInfoBuilder', 'AffymetrixDataTestFiles'
Flavors: r-release-macos-x86_64, r-oldrel-macos-x86_64