CRAN Package Check Results for Package aricode

Last updated on 2021-09-19 16:48:42 CEST.

Flavor Version Tinstall Tcheck Ttotal Status Flags
r-devel-linux-x86_64-debian-clang 1.0.0 27.19 68.81 96.00 NOTE
r-devel-linux-x86_64-debian-gcc 1.0.0 17.57 52.69 70.26 NOTE
r-devel-linux-x86_64-fedora-clang 1.0.0 129.01 NOTE
r-devel-linux-x86_64-fedora-gcc 1.0.0 113.03 NOTE
r-devel-windows-x86_64 1.0.0 23.00 89.00 112.00 NOTE
r-devel-windows-x86_64-gcc10-UCRT 1.0.0 ERROR
r-patched-linux-x86_64 1.0.0 19.65 66.75 86.40 NOTE
r-patched-solaris-x86 1.0.0 164.40 NOTE
r-release-linux-x86_64 1.0.0 19.59 66.68 86.27 NOTE
r-release-macos-arm64 1.0.0 NOTE
r-release-macos-x86_64 1.0.0 NOTE
r-release-windows-ix86+x86_64 1.0.0 57.00 134.00 191.00 NOTE
r-oldrel-macos-x86_64 1.0.0 OK
r-oldrel-windows-ix86+x86_64 1.0.0 58.00 104.00 162.00 OK

Additional issues

clang-UBSAN

Check Details

Version: 1.0.0
Check: LazyData
Result: NOTE
     'LazyData' is specified without a 'data' directory
Flavors: r-devel-linux-x86_64-debian-clang, r-devel-linux-x86_64-debian-gcc, r-devel-linux-x86_64-fedora-clang, r-devel-linux-x86_64-fedora-gcc, r-devel-windows-x86_64, r-patched-linux-x86_64, r-patched-solaris-x86, r-release-linux-x86_64, r-release-macos-arm64, r-release-macos-x86_64, r-release-windows-ix86+x86_64

Version: 1.0.0
Check: whether package can be installed
Result: ERROR
    Installation failed.
Flavor: r-devel-windows-x86_64-gcc10-UCRT