CRAN Package Check Results for Package arena2r

Last updated on 2021-12-01 23:51:30 CET.

Flavor Version Tinstall Tcheck Ttotal Status Flags
r-devel-linux-x86_64-debian-clang 1.0.0 2.24 39.92 42.16 OK
r-devel-linux-x86_64-debian-gcc 1.0.0 2.06 31.30 33.36 OK
r-devel-linux-x86_64-fedora-clang 1.0.0 63.35 NOTE
r-devel-linux-x86_64-fedora-gcc 1.0.0 55.55 NOTE
r-devel-windows-x86_64-new-UL 1.0.0 10.00 82.00 92.00 OK
r-devel-windows-x86_64-new-TK 1.0.0 NOTE
r-devel-windows-x86_64-old 1.0.0 7.00 48.00 55.00 OK
r-patched-linux-x86_64 1.0.0 2.61 32.49 35.10 OK
r-patched-solaris-x86 1.0.0 62.00 NOTE
r-release-linux-x86_64 1.0.0 2.39 32.67 35.06 OK
r-release-macos-arm64 1.0.0 NOTE
r-release-macos-x86_64 1.0.0 NOTE
r-release-windows-ix86+x86_64 1.0.0 9.00 59.00 68.00 OK
r-oldrel-macos-x86_64 1.0.0 NOTE
r-oldrel-windows-ix86+x86_64 1.0.0 8.00 67.00 75.00 OK

Check Details

Version: 1.0.0
Check: dependencies in R code
Result: NOTE
    Namespaces in Imports field not imported from:
     ‘purrr’ ‘shinyBS’ ‘shinydashboard’ ‘shinyjs’
     All declared Imports should be used.
Flavors: r-devel-linux-x86_64-fedora-clang, r-devel-linux-x86_64-fedora-gcc, r-devel-windows-x86_64-new-TK, r-patched-solaris-x86, r-release-macos-arm64, r-release-macos-x86_64, r-oldrel-macos-x86_64