CRAN Package Check Results for Package archive

Last updated on 2022-08-14 09:51:59 CEST.

Flavor Version Tinstall Tcheck Ttotal Status Flags
r-devel-linux-x86_64-debian-clang 1.1.5 25.80 49.71 75.51 OK
r-devel-linux-x86_64-debian-gcc 1.1.5 20.88 36.99 57.87 OK
r-devel-linux-x86_64-fedora-clang 1.1.5 110.57 OK
r-devel-linux-x86_64-fedora-gcc 1.1.5 102.59 OK
r-devel-windows-x86_64 1.1.5 45.00 98.00 143.00 OK
r-patched-linux-x86_64 1.1.5 24.50 46.09 70.59 OK
r-release-linux-x86_64 1.1.5 24.47 46.06 70.53 OK
r-release-macos-arm64 1.1.5 32.00 OK
r-release-macos-x86_64 1.1.5 45.00 OK
r-release-windows-x86_64 1.1.5 44.00 95.00 139.00 OK
r-oldrel-macos-arm64 1.1.5 31.00 OK
r-oldrel-macos-x86_64 1.1.5 42.00 OK
r-oldrel-windows-ix86+x86_64 1.1.5 107.00 103.00 210.00 NOTE

Check Details

Version: 1.1.5
Check: installed package size
Result: NOTE
     installed size is 6.8Mb
     sub-directories of 1Mb or more:
     libs 6.1Mb
Flavor: r-oldrel-windows-ix86+x86_64