CRAN Package Check Results for Package apex

Last updated on 2021-11-28 11:48:38 CET.

Flavor Version Tinstall Tcheck Ttotal Status Flags
r-devel-linux-x86_64-debian-clang 1.0.4 NOTE
r-devel-linux-x86_64-debian-gcc 1.0.4 13.66 107.68 121.34 NOTE
r-devel-linux-x86_64-fedora-clang 1.0.4 203.08 NOTE
r-devel-linux-x86_64-fedora-gcc 1.0.4 188.67 NOTE
r-devel-windows-x86_64-new-UL 1.0.4 35.00 194.00 229.00 NOTE
r-devel-windows-x86_64-new-TK 1.0.4 NOTE
r-devel-windows-x86_64-old 1.0.4 22.00 132.00 154.00 NOTE
r-patched-linux-x86_64 1.0.4 22.42 132.61 155.03 NOTE
r-patched-solaris-x86 1.0.4 259.50 NOTE
r-release-linux-x86_64 1.0.4 17.16 133.32 150.48 NOTE
r-release-macos-arm64 1.0.4 NOTE
r-release-macos-x86_64 1.0.4 NOTE
r-release-windows-ix86+x86_64 1.0.4 42.00 172.00 214.00 NOTE
r-oldrel-macos-x86_64 1.0.4 OK
r-oldrel-windows-ix86+x86_64 1.0.4 45.00 176.00 221.00 OK

Check Details

Version: 1.0.4
Check: LazyData
Result: NOTE
     'LazyData' is specified without a 'data' directory
Flavors: r-devel-linux-x86_64-debian-clang, r-devel-linux-x86_64-debian-gcc, r-devel-linux-x86_64-fedora-clang, r-devel-linux-x86_64-fedora-gcc, r-devel-windows-x86_64-new-UL, r-devel-windows-x86_64-new-TK, r-devel-windows-x86_64-old, r-patched-linux-x86_64, r-patched-solaris-x86, r-release-linux-x86_64, r-release-macos-arm64, r-release-macos-x86_64, r-release-windows-ix86+x86_64