CRAN Package Check Results for Package apcluster

Last updated on 2021-07-28 19:49:42 CEST.

Flavor Version Tinstall Tcheck Ttotal Status Flags
r-devel-linux-x86_64-debian-clang 1.4.8 OK
r-devel-linux-x86_64-debian-gcc 1.4.8 50.36 97.54 147.90 OK
r-devel-linux-x86_64-fedora-clang 1.4.8 273.42 OK
r-devel-linux-x86_64-fedora-gcc 1.4.8 245.59 OK
r-devel-windows-x86_64 1.4.8 63.00 162.00 225.00 OK
r-devel-windows-x86_64-gcc10-UCRT 1.4.8 OK
r-patched-linux-x86_64 1.4.8 60.35 124.44 184.79 OK
r-patched-solaris-x86 1.4.8 254.10 WARN
r-release-linux-x86_64 1.4.8 60.44 123.43 183.87 OK
r-release-macos-arm64 1.4.8 WARN
r-release-macos-x86_64 1.4.8 WARN
r-release-windows-ix86+x86_64 1.4.8 174.00 209.00 383.00 OK
r-oldrel-macos-x86_64 1.4.8 WARN
r-oldrel-windows-ix86+x86_64 1.4.8 133.00 228.00 361.00 OK

Check Details

Version: 1.4.8
Check: package dependencies
Result: NOTE
    Package suggested but not available for checking: ‘kebabs’
Flavors: r-patched-solaris-x86, r-release-macos-arm64, r-release-macos-x86_64, r-oldrel-macos-x86_64

Version: 1.4.8
Check: re-building of vignette outputs
Result: WARN
    Error(s) in re-building vignettes:
     ...
    --- re-building ‘apcluster.Rnw’ using knitr
    
    Attaching package: 'apcluster'
    
    The following object is masked from 'package:stats':
    
     heatmap
    
    Quitting from lines 387-408 (apcluster.Rnw)
    Error: processing vignette 'apcluster.Rnw' failed with diagnostics:
    object 'apres2c' not found
    --- failed re-building ‘apcluster.Rnw’
    
    SUMMARY: processing the following file failed:
     ‘apcluster.Rnw’
    
    Error: Vignette re-building failed.
    Execution halted
Flavors: r-patched-solaris-x86, r-release-macos-arm64, r-release-macos-x86_64, r-oldrel-macos-x86_64