CRAN Package Check Results for Package apcluster

Last updated on 2021-10-28 16:50:15 CEST.

Flavor Version Tinstall Tcheck Ttotal Status Flags
r-devel-linux-x86_64-debian-clang 1.4.8 61.22 124.49 185.71 OK
r-devel-linux-x86_64-debian-gcc 1.4.8 51.62 95.97 147.59 OK
r-devel-linux-x86_64-fedora-clang 1.4.8 275.05 OK
r-devel-linux-x86_64-fedora-gcc 1.4.8 244.82 OK
r-devel-windows-x86_64 1.4.8 93.00 169.00 262.00 OK
r-devel-windows-x86_64-gcc10-UCRT 1.4.8 OK
r-patched-linux-x86_64 1.4.8 59.58 120.05 179.63 OK
r-patched-solaris-x86 1.4.8 256.90 WARN
r-release-linux-x86_64 1.4.8 55.30 120.11 175.41 OK
r-release-macos-arm64 1.4.8 WARN
r-release-macos-x86_64 1.4.8 WARN
r-release-windows-ix86+x86_64 1.4.8 121.00 207.00 328.00 OK
r-oldrel-macos-x86_64 1.4.8 WARN
r-oldrel-windows-ix86+x86_64 1.4.8 120.00 208.00 328.00 OK

Check Details

Version: 1.4.8
Check: package dependencies
Result: NOTE
    Package suggested but not available for checking: ‘kebabs’
Flavors: r-patched-solaris-x86, r-release-macos-arm64, r-release-macos-x86_64, r-oldrel-macos-x86_64

Version: 1.4.8
Check: re-building of vignette outputs
Result: WARN
    Error(s) in re-building vignettes:
     ...
    --- re-building ‘apcluster.Rnw’ using knitr
    
    Attaching package: 'apcluster'
    
    The following object is masked from 'package:stats':
    
     heatmap
    
    Quitting from lines 387-408 (apcluster.Rnw)
    Error: processing vignette 'apcluster.Rnw' failed with diagnostics:
    object 'apres2c' not found
    --- failed re-building ‘apcluster.Rnw’
    
    SUMMARY: processing the following file failed:
     ‘apcluster.Rnw’
    
    Error: Vignette re-building failed.
    Execution halted
Flavors: r-patched-solaris-x86, r-release-macos-arm64, r-release-macos-x86_64, r-oldrel-macos-x86_64