Last updated on 2023-02-08 15:52:32 CET.
Flavor | Version | Tinstall | Tcheck | Ttotal | Status | Flags |
---|---|---|---|---|---|---|
r-devel-linux-x86_64-debian-clang | 0.0.7 | 53.22 | 324.09 | 377.31 | NOTE | |
r-devel-linux-x86_64-debian-gcc | 0.0.7 | 42.73 | 248.01 | 290.74 | NOTE | |
r-devel-linux-x86_64-fedora-clang | 0.0.7 | 477.99 | NOTE | |||
r-devel-linux-x86_64-fedora-gcc | 0.0.7 | 480.34 | NOTE | |||
r-devel-windows-x86_64 | 0.0.7 | 66.00 | 381.00 | 447.00 | NOTE | |
r-patched-linux-x86_64 | 0.0.7 | 51.36 | 312.92 | 364.28 | OK | |
r-release-linux-x86_64 | 0.0.7 | 46.23 | 309.50 | 355.73 | OK | |
r-release-macos-arm64 | 0.0.7 | 147.00 | OK | |||
r-release-macos-x86_64 | 0.0.7 | 173.00 | OK | |||
r-release-windows-x86_64 | 0.0.7 | 60.00 | 398.00 | 458.00 | OK | |
r-oldrel-macos-arm64 | 0.0.7 | 144.00 | OK | |||
r-oldrel-macos-x86_64 | 0.0.7 | 189.00 | OK | |||
r-oldrel-windows-ix86+x86_64 | 0.0.7 | 113.00 | 496.00 | 609.00 | OK |
Version: 0.0.7
Check: C++ specification
Result: NOTE
Specified C++11: please update to current default of C++17
Flavors: r-devel-linux-x86_64-debian-clang, r-devel-windows-x86_64
Version: 0.0.7
Check: C++ specification
Result: NOTE
Specified C++11: please drop specification unless essential
Flavors: r-devel-linux-x86_64-debian-gcc, r-devel-linux-x86_64-fedora-clang, r-devel-linux-x86_64-fedora-gcc