CRAN Package Check Results for Package antaresRead

Last updated on 2021-12-03 11:51:41 CET.

Flavor Version Tinstall Tcheck Ttotal Status Flags
r-devel-linux-x86_64-debian-clang 2.2.9 11.47 247.52 258.99 OK
r-devel-linux-x86_64-debian-gcc 2.2.9 9.76 180.29 190.05 OK
r-devel-linux-x86_64-fedora-clang 2.2.9 300.56 NOTE
r-devel-linux-x86_64-fedora-gcc 2.2.9 283.95 OK
r-devel-windows-x86_64-new-UL 2.2.9 26.00 284.00 310.00 NOTE
r-devel-windows-x86_64-new-TK 2.2.9 OK
r-devel-windows-x86_64-old 2.2.9 19.00 181.00 200.00 NOTE
r-patched-linux-x86_64 2.2.9 11.67 205.34 217.01 OK
r-patched-solaris-x86 2.2.9 299.00 NOTE
r-release-linux-x86_64 2.2.9 11.92 199.62 211.54 OK
r-release-macos-arm64 2.2.9 NOTE
r-release-macos-x86_64 2.2.9 NOTE
r-release-windows-ix86+x86_64 2.2.9 24.00 240.00 264.00 NOTE
r-oldrel-macos-x86_64 2.2.9 NOTE
r-oldrel-windows-ix86+x86_64 2.2.9 24.00 242.00 266.00 NOTE

Check Details

Version: 2.2.9
Check: installed package size
Result: NOTE
     installed size is 5.1Mb
     sub-directories of 1Mb or more:
     test_v8 2.0Mb
     testdata 2.3Mb
Flavors: r-devel-linux-x86_64-fedora-clang, r-devel-windows-x86_64-new-UL, r-devel-windows-x86_64-old, r-patched-solaris-x86, r-release-macos-arm64, r-release-macos-x86_64, r-release-windows-ix86+x86_64, r-oldrel-macos-x86_64, r-oldrel-windows-ix86+x86_64