CRAN Package Check Results for Package anomalize

Last updated on 2021-07-31 19:51:14 CEST.

Flavor Version Tinstall Tcheck Ttotal Status Flags
r-devel-linux-x86_64-debian-clang 0.2.2 7.29 196.67 203.96 OK
r-devel-linux-x86_64-debian-gcc 0.2.2 5.79 142.48 148.27 OK
r-devel-linux-x86_64-fedora-clang 0.2.2 242.16 OK
r-devel-linux-x86_64-fedora-gcc 0.2.2 229.42 OK
r-devel-windows-x86_64 0.2.2 20.00 231.00 251.00 OK
r-devel-windows-x86_64-gcc10-UCRT 0.2.2 OK
r-patched-linux-x86_64 0.2.2 OK
r-patched-solaris-x86 0.2.2 298.90 OK
r-release-linux-x86_64 0.2.2 6.94 183.74 190.68 OK
r-release-macos-arm64 0.2.2 WARN
r-release-macos-x86_64 0.2.2 OK
r-release-windows-ix86+x86_64 0.2.2 17.00 233.00 250.00 OK
r-oldrel-macos-x86_64 0.2.2 OK
r-oldrel-windows-ix86+x86_64 0.2.2 26.00 239.00 265.00 WARN

Check Details

Version: 0.2.2
Check: re-building of vignette outputs
Result: WARN
    Error(s) in re-building vignettes:
    --- re-building ‘anomalize_methods.Rmd’ using rmarkdown
    Warning in engine$weave(file, quiet = quiet, encoding = enc) :
     Pandoc (>= 1.12.3) not available. Falling back to R Markdown v1.
    Warning: `type_convert()` only converts columns of type 'character'.
    - `df` has no columns of type 'character'
    Warning: `type_convert()` only converts columns of type 'character'.
    - `df` has no columns of type 'character'
    Warning in grid.Call(C_stringMetric, as.graphicsAnnot(x$label)) :
     no font could be found for family "Arial"
    Warning in grid.Call(C_stringMetric, as.graphicsAnnot(x$label)) :
     no font could be found for family "Arial"
    Warning in grid.Call(C_stringMetric, as.graphicsAnnot(x$label)) :
     no font could be found for family "Arial"
    Warning in grid.Call(C_stringMetric, as.graphicsAnnot(x$label)) :
     no font could be found for family "Arial"
    Warning in grid.Call(C_stringMetric, as.graphicsAnnot(x$label)) :
     no font could be found for family "Arial"
    Warning in grid.Call(C_stringMetric, as.graphicsAnnot(x$label)) :
     no font could be found for family "Arial"
    Warning in grid.Call(C_stringMetric, as.graphicsAnnot(x$label)) :
     no font could be found for family "Arial"
    Warning in grid.Call(C_stringMetric, as.graphicsAnnot(x$label)) :
     no font could be found for family "Arial"
    Warning in grid.Call(C_stringMetric, as.graphicsAnnot(x$label)) :
     no font could be found for family "Arial"
    Warning in grid.Call(C_stringMetric, as.graphicsAnnot(x$label)) :
     no font could be found for family "Arial"
    Warning in grid.Call(C_stringMetric, as.graphicsAnnot(x$label)) :
     no font could be found for family "Arial"
    Warning in grid.Call(C_stringMetric, as.graphicsAnnot(x$label)) :
     no font could be found for family "Arial"
    Warning in grid.Call(C_stringMetric, as.graphicsAnnot(x$label)) :
     no font could be found for family "Arial"
    Warning in grid.Call(C_stringMetric, as.graphicsAnnot(x$label)) :
     no font could be found for family "Arial"
    Warning in grid.Call(C_textBounds, as.graphicsAnnot(x$label), x$x, x$y, :
     no font could be found for family "Arial"
    Quitting from lines 87-110 (anomalize_methods.Rmd)
    Error: processing vignette 'anomalize_methods.Rmd' failed with diagnostics:
    polygon edge not found
    --- failed re-building ‘anomalize_methods.Rmd’
    
    --- re-building ‘anomalize_quick_start_guide.Rmd’ using rmarkdown
    Warning in engine$weave(file, quiet = quiet, encoding = enc) :
     Pandoc (>= 1.12.3) not available. Falling back to R Markdown v1.
    Warning: Problem with `mutate()` column `nested.col`.
    ℹ `nested.col = purrr::map(.x = data, .f = .f, target = count, ...)`.
    ℹ `type_convert()` only converts columns of type 'character'.
    - `df` has no columns of type 'character'
    Warning: Problem with `mutate()` column `nested.col`.
    ℹ `nested.col = purrr::map(.x = data, .f = .f, target = count, ...)`.
    ℹ `type_convert()` only converts columns of type 'character'.
    - `df` has no columns of type 'character'
    Warning: Problem with `mutate()` column `nested.col`.
    ℹ `nested.col = purrr::map(.x = data, .f = .f, target = count, ...)`.
    ℹ `type_convert()` only converts columns of type 'character'.
    - `df` has no columns of type 'character'
    Warning: Problem with `mutate()` column `nested.col`.
    ℹ `nested.col = purrr::map(.x = data, .f = .f, target = count, ...)`.
    ℹ `type_convert()` only converts columns of type 'character'.
    - `df` has no columns of type 'character'
    Warning: Problem with `mutate()` column `nested.col`.
    ℹ `nested.col = purrr::map(.x = data, .f = .f, target = count, ...)`.
    ℹ `type_convert()` only converts columns of type 'character'.
    - `df` has no columns of type 'character'
    Warning: Problem with `mutate()` column `nested.col`.
    ℹ `nested.col = purrr::map(.x = data, .f = .f, target = count, ...)`.
    ℹ `type_convert()` only converts columns of type 'character'.
    - `df` has no columns of type 'character'
    Warning: Problem with `mutate()` column `nested.col`.
    ℹ `nested.col = purrr::map(.x = data, .f = .f, target = count, ...)`.
    ℹ `type_convert()` only converts columns of type 'character'.
    - `df` has no columns of type 'character'
    Warning: Problem with `mutate()` column `nested.col`.
    ℹ `nested.col = purrr::map(.x = data, .f = .f, target = count, ...)`.
    ℹ `type_convert()` only converts columns of type 'character'.
    - `df` has no columns of type 'character'
    Warning: Problem with `mutate()` column `nested.col`.
    ℹ `nested.col = purrr::map(.x = data, .f = .f, target = count, ...)`.
    ℹ `type_convert()` only converts columns of type 'character'.
    - `df` has no columns of type 'character'
    Warning: Problem with `mutate()` column `nested.col`.
    ℹ `nested.col = purrr::map(.x = data, .f = .f, target = count, ...)`.
    ℹ `type_convert()` only converts columns of type 'character'.
    - `df` has no columns of type 'character'
    Warning: Problem with `mutate()` column `nested.col`.
    ℹ `nested.col = purrr::map(.x = data, .f = .f, target = count, ...)`.
    ℹ `type_convert()` only converts columns of type 'character'.
    - `df` has no columns of type 'character'
    Warning: Problem with `mutate()` column `nested.col`.
    ℹ `nested.col = purrr::map(.x = data, .f = .f, target = count, ...)`.
    ℹ `type_convert()` only converts columns of type 'character'.
    - `df` has no columns of type 'character'
    Warning: Problem with `mutate()` column `nested.col`.
    ℹ `nested.col = purrr::map(.x = data, .f = .f, target = count, ...)`.
    ℹ `type_convert()` only converts columns of type 'character'.
    - `df` has no columns of type 'character'
    Warning: Problem with `mutate()` column `nested.col`.
    ℹ `nested.col = purrr::map(.x = data, .f = .f, target = count, ...)`.
    ℹ `type_convert()` only converts columns of type 'character'.
    - `df` has no columns of type 'character'
    Warning: Problem with `mutate()` column `nested.col`.
    ℹ `nested.col = purrr::map(.x = data, .f = .f, target = count, ...)`.
    ℹ `type_convert()` only converts columns of type 'character'.
    - `df` has no columns of type 'character'
    Warning in grid.Call(C_stringMetric, as.graphicsAnnot(x$label)) :
     no font could be found for family "Arial"
    Warning in grid.Call(C_stringMetric, as.graphicsAnnot(x$label)) :
     no font could be found for family "Arial"
    Warning in grid.Call(C_stringMetric, as.graphicsAnnot(x$label)) :
     no font could be found for family "Arial"
    Warning in grid.Call(C_stringMetric, as.graphicsAnnot(x$label)) :
     no font could be found for family "Arial"
    Warning in grid.Call(C_stringMetric, as.graphicsAnnot(x$label)) :
     no font could be found for family "Arial"
    Warning in grid.Call(C_stringMetric, as.graphicsAnnot(x$label)) :
     no font could be found for family "Arial"
    Warning in grid.Call(C_stringMetric, as.graphicsAnnot(x$label)) :
     no font could be found for family "Arial"
    Warning in grid.Call(C_stringMetric, as.graphicsAnnot(x$label)) :
     no font could be found for family "Arial"
    Warning in grid.Call(C_stringMetric, as.graphicsAnnot(x$label)) :
     no font could be found for family "Arial"
    Warning in grid.Call(C_stringMetric, as.graphicsAnnot(x$label)) :
     no font could be found for family "Arial"
    Warning in grid.Call(C_stringMetric, as.graphicsAnnot(x$label)) :
     no font could be found for family "Arial"
    Warning in grid.Call(C_stringMetric, as.graphicsAnnot(x$label)) :
     no font could be found for family "Arial"
    Warning in grid.Call(C_stringMetric, as.graphicsAnnot(x$label)) :
     no font could be found for family "Arial"
    Warning in grid.Call(C_stringMetric, as.graphicsAnnot(x$label)) :
     no font could be found for family "Arial"
    Warning in grid.Call(C_textBounds, as.graphicsAnnot(x$label), x$x, x$y, :
     no font could be found for family "Arial"
    Quitting from lines 97-99 (anomalize_quick_start_guide.Rmd)
    Error: processing vignette 'anomalize_quick_start_guide.Rmd' failed with diagnostics:
    polygon edge not found
    --- failed re-building ‘anomalize_quick_start_guide.Rmd’
    
    --- re-building ‘forecasting_with_cleaned_anomalies.Rmd’ using rmarkdown
    Warning in engine$weave(file, quiet = quiet, encoding = enc) :
     Pandoc (>= 1.12.3) not available. Falling back to R Markdown v1.
    ── Attaching packages ─────────────────────────────────────── tidyverse 1.3.1 ──
    ✔ ggplot2 3.3.5 ✔ purrr 0.3.4
    ✔ tibble 3.1.3 ✔ dplyr 1.0.7
    ✔ tidyr 1.1.3 ✔ stringr 1.4.0
    ✔ readr 2.0.0 ✔ forcats 0.5.1
    ── Conflicts ────────────────────────────────────────── tidyverse_conflicts() ──
    ✖ readr::edition_get() masks testthat::edition_get()
    ✖ dplyr::filter() masks stats::filter()
    ✖ purrr::is_null() masks testthat::is_null()
    ✖ dplyr::lag() masks stats::lag()
    ✖ readr::local_edition() masks testthat::local_edition()
    ✖ dplyr::matches() masks tidyr::matches(), testthat::matches()
    Loading required package: lubridate
    
    Attaching package: 'lubridate'
    
    The following objects are masked from 'package:base':
    
     date, intersect, setdiff, union
    
    Loading required package: PerformanceAnalytics
    Loading required package: xts
    Loading required package: zoo
    
    Attaching package: 'zoo'
    
    The following objects are masked from 'package:base':
    
     as.Date, as.Date.numeric
    
    
    Attaching package: 'xts'
    
    The following objects are masked from 'package:dplyr':
    
     first, last
    
    
    Attaching package: 'PerformanceAnalytics'
    
    The following object is masked from 'package:graphics':
    
     legend
    
    Loading required package: quantmod
    Loading required package: TTR
    ══ Need to Learn tidyquant? ════════════════════════════════════════════════════
    Business Science offers a 1-hour course - Learning Lab #9: Performance Analysis & Portfolio Optimization with tidyquant!
    </> Learn more at: https://university.business-science.io/p/learning-labs-pro </>
    
    Attaching package: 'tidyquant'
    
    The following objects are masked from 'package:anomalize':
    
     palette_dark, palette_green, palette_light, scale_color_tq,
     theme_tq, theme_tq_dark, theme_tq_green
    
    Warning in grid.Call(C_stringMetric, as.graphicsAnnot(x$label)) :
     no font could be found for family "Arial"
    Warning in grid.Call(C_stringMetric, as.graphicsAnnot(x$label)) :
     no font could be found for family "Arial"
    Warning in grid.Call(C_stringMetric, as.graphicsAnnot(x$label)) :
     no font could be found for family "Arial"
    Warning in grid.Call(C_stringMetric, as.graphicsAnnot(x$label)) :
     no font could be found for family "Arial"
    Warning in grid.Call(C_stringMetric, as.graphicsAnnot(x$label)) :
     no font could be found for family "Arial"
    Warning in grid.Call(C_stringMetric, as.graphicsAnnot(x$label)) :
     no font could be found for family "Arial"
    Warning in grid.Call(C_stringMetric, as.graphicsAnnot(x$label)) :
     no font could be found for family "Arial"
    Warning in grid.Call(C_stringMetric, as.graphicsAnnot(x$label)) :
     no font could be found for family "Arial"
    Warning in grid.Call(C_stringMetric, as.graphicsAnnot(x$label)) :
     no font could be found for family "Arial"
    Warning in grid.Call(C_stringMetric, as.graphicsAnnot(x$label)) :
     no font could be found for family "Arial"
    Warning in grid.Call(C_stringMetric, as.graphicsAnnot(x$label)) :
     no font could be found for family "Arial"
    Warning in grid.Call(C_stringMetric, as.graphicsAnnot(x$label)) :
     no font could be found for family "Arial"
    Warning in grid.Call(C_stringMetric, as.graphicsAnnot(x$label)) :
     no font could be found for family "Arial"
    Warning in grid.Call(C_stringMetric, as.graphicsAnnot(x$label)) :
     no font could be found for family "Arial"
    Warning in grid.Call(C_textBounds, as.graphicsAnnot(x$label), x$x, x$y, :
     no font could be found for family "Arial"
    Quitting from lines 47-53 (forecasting_with_cleaned_anomalies.Rmd)
    Error: processing vignette 'forecasting_with_cleaned_anomalies.Rmd' failed with diagnostics:
    polygon edge not found
    --- failed re-building ‘forecasting_with_cleaned_anomalies.Rmd’
    
    SUMMARY: processing the following files failed:
     ‘anomalize_methods.Rmd’ ‘anomalize_quick_start_guide.Rmd’
     ‘forecasting_with_cleaned_anomalies.Rmd’
    
    Error: Vignette re-building failed.
    Execution halted
Flavor: r-release-macos-arm64

Version: 0.2.2
Check: re-building of vignette outputs
Result: WARN
    Error(s) in re-building vignettes:
    --- re-building 'anomalize_methods.Rmd' using rmarkdown
    Warning: `type_convert()` only converts columns of type 'character'.
    - `df` has no columns of type 'character'
    Warning: `type_convert()` only converts columns of type 'character'.
    - `df` has no columns of type 'character'
    --- finished re-building 'anomalize_methods.Rmd'
    
    --- re-building 'anomalize_quick_start_guide.Rmd' using rmarkdown
    Error in readRDS(mapfile) : error reading from connection
    Error: processing vignette 'anomalize_quick_start_guide.Rmd' failed with diagnostics:
    unable to load R code in package 'rmarkdown'
    --- failed re-building 'anomalize_quick_start_guide.Rmd'
    
    --- re-building 'forecasting_with_cleaned_anomalies.Rmd' using rmarkdown
    -- Attaching packages --------------------------------------- tidyverse 1.3.1 --
    v ggplot2 3.3.5 v purrr 0.3.4
    v tibble 3.1.2 v dplyr 1.0.7
    v tidyr 1.1.3 v stringr 1.4.0
    v readr 2.0.0 v forcats 0.5.1
    -- Conflicts ------------------------------------------ tidyverse_conflicts() --
    x readr::edition_get() masks testthat::edition_get()
    x dplyr::filter() masks stats::filter()
    x purrr::is_null() masks testthat::is_null()
    x dplyr::lag() masks stats::lag()
    x readr::local_edition() masks testthat::local_edition()
    x dplyr::matches() masks tidyr::matches(), testthat::matches()
    Loading required package: lubridate
    
    Attaching package: 'lubridate'
    
    The following objects are masked from 'package:base':
    
     date, intersect, setdiff, union
    
    Loading required package: PerformanceAnalytics
    Loading required package: xts
    Loading required package: zoo
    
    Attaching package: 'zoo'
    
    The following objects are masked from 'package:base':
    
     as.Date, as.Date.numeric
    
    
    Attaching package: 'xts'
    
    The following objects are masked from 'package:dplyr':
    
     first, last
    
    
    Attaching package: 'PerformanceAnalytics'
    
    The following object is masked from 'package:graphics':
    
     legend
    
    Loading required package: quantmod
    Loading required package: TTR
    == Need to Learn tidyquant? ====================================================
    Business Science offers a 1-hour course - Learning Lab #9: Performance Analysis & Portfolio Optimization with tidyquant!
    </> Learn more at: https://university.business-science.io/p/learning-labs-pro </>
    
    Attaching package: 'tidyquant'
    
    The following objects are masked from 'package:anomalize':
    
     palette_dark, palette_green, palette_light, scale_color_tq,
     theme_tq, theme_tq_dark, theme_tq_green
    
    Warning: `type_convert()` only converts columns of type 'character'.
    - `df` has no columns of type 'character'
    --- finished re-building 'forecasting_with_cleaned_anomalies.Rmd'
    
    SUMMARY: processing the following file failed:
     'anomalize_quick_start_guide.Rmd'
    
    Error: Vignette re-building failed.
    Execution halted
Flavor: r-oldrel-windows-ix86+x86_64