Last updated on 2022-07-03 05:49:43 CEST.
Flavor | Version | Tinstall | Tcheck | Ttotal | Status | Flags |
---|---|---|---|---|---|---|
r-devel-linux-x86_64-debian-clang | 0.1.0 | 2.28 | 28.69 | 30.97 | NOTE | |
r-devel-linux-x86_64-debian-gcc | 0.1.0 | 2.23 | 22.71 | 24.94 | NOTE | |
r-devel-linux-x86_64-fedora-clang | 0.1.0 | 48.06 | NOTE | |||
r-devel-linux-x86_64-fedora-gcc | 0.1.0 | 47.20 | NOTE | |||
r-devel-windows-x86_64 | 0.1.0 | 11.00 | 59.00 | 70.00 | NOTE | |
r-patched-linux-x86_64 | 0.1.0 | 2.57 | 28.21 | 30.78 | NOTE | |
r-release-linux-x86_64 | 0.1.0 | 2.20 | 28.46 | 30.66 | NOTE | |
r-release-macos-arm64 | 0.1.0 | 21.00 | NOTE | |||
r-release-macos-x86_64 | 0.1.0 | 25.00 | NOTE | |||
r-release-windows-x86_64 | 0.1.0 | 13.00 | 60.00 | 73.00 | NOTE | |
r-oldrel-macos-arm64 | 0.1.0 | 20.00 | NOTE | |||
r-oldrel-macos-x86_64 | 0.1.0 | 31.00 | NOTE | |||
r-oldrel-windows-ix86+x86_64 | 0.1.0 | 6.00 | 49.00 | 55.00 | NOTE |
Version: 0.1.0
Check: LazyData
Result: NOTE
'LazyData' is specified without a 'data' directory
Flavors: r-devel-linux-x86_64-debian-clang, r-devel-linux-x86_64-debian-gcc, r-devel-linux-x86_64-fedora-clang, r-devel-linux-x86_64-fedora-gcc, r-devel-windows-x86_64, r-patched-linux-x86_64, r-release-linux-x86_64, r-release-macos-arm64, r-release-macos-x86_64, r-release-windows-x86_64, r-oldrel-macos-arm64, r-oldrel-macos-x86_64, r-oldrel-windows-ix86+x86_64