Last updated on 2023-01-28 04:56:48 CET.
Flavor | Version | Tinstall | Tcheck | Ttotal | Status | Flags |
---|---|---|---|---|---|---|
r-devel-linux-x86_64-debian-clang | 0.1.3 | 3.10 | 29.36 | 32.46 | OK | |
r-devel-linux-x86_64-debian-gcc | 0.1.3 | 2.42 | 22.00 | 24.42 | OK | |
r-devel-linux-x86_64-fedora-clang | 0.1.3 | 40.95 | NOTE | |||
r-devel-linux-x86_64-fedora-gcc | 0.1.3 | 36.29 | NOTE | |||
r-devel-windows-x86_64 | 0.1.3 | 55.00 | 56.00 | 111.00 | OK | |
r-patched-linux-x86_64 | 0.1.3 | 2.73 | 28.64 | 31.37 | OK | |
r-release-linux-x86_64 | 0.1.3 | 2.35 | 28.50 | 30.85 | OK | |
r-release-macos-arm64 | 0.1.3 | 25.00 | NOTE | |||
r-release-macos-x86_64 | 0.1.3 | 26.00 | NOTE | |||
r-release-windows-x86_64 | 0.1.3 | 55.00 | 64.00 | 119.00 | OK | |
r-oldrel-macos-arm64 | 0.1.3 | 26.00 | NOTE | |||
r-oldrel-macos-x86_64 | 0.1.3 | 28.00 | NOTE | |||
r-oldrel-windows-ix86+x86_64 | 0.1.3 | 7.00 | 53.00 | 60.00 | OK |
Version: 0.1.3
Check: data for non-ASCII characters
Result: NOTE
Note: found 231 marked UTF-8 strings
Flavors: r-devel-linux-x86_64-fedora-clang, r-devel-linux-x86_64-fedora-gcc, r-release-macos-arm64, r-release-macos-x86_64, r-oldrel-macos-arm64, r-oldrel-macos-x86_64