Last updated on 2023-01-28 04:56:48 CET.
Flavor | Version | Tinstall | Tcheck | Ttotal | Status | Flags |
---|---|---|---|---|---|---|
r-devel-linux-x86_64-debian-clang | 1.0.2 | 19.83 | 52.68 | 72.51 | OK | |
r-devel-linux-x86_64-debian-gcc | 1.0.2 | 16.16 | 41.55 | 57.71 | NOTE | |
r-devel-linux-x86_64-fedora-clang | 1.0.2 | 107.79 | OK | |||
r-devel-linux-x86_64-fedora-gcc | 1.0.2 | 94.11 | NOTE | |||
r-devel-windows-x86_64 | 1.0.2 | 52.00 | 105.00 | 157.00 | OK | |
r-patched-linux-x86_64 | 1.0.2 | 20.19 | 51.52 | 71.71 | OK | |
r-release-linux-x86_64 | 1.0.2 | 18.68 | 51.12 | 69.80 | OK | |
r-release-macos-arm64 | 1.0.2 | 36.00 | OK | |||
r-release-macos-x86_64 | 1.0.2 | 62.00 | OK | |||
r-release-windows-x86_64 | 1.0.2 | 46.00 | 98.00 | 144.00 | OK | |
r-oldrel-macos-arm64 | 1.0.2 | 35.00 | OK | |||
r-oldrel-macos-x86_64 | 1.0.2 | 52.00 | OK | |||
r-oldrel-windows-ix86+x86_64 | 1.0.2 | 60.00 | 118.00 | 178.00 | OK |
Version: 1.0.2
Check: C++ specification
Result: NOTE
Specified C++11: please update to current default of C++17
Flavors: r-devel-linux-x86_64-debian-gcc, r-devel-linux-x86_64-fedora-gcc