CRAN Package Check Results for Package alphavantager

Last updated on 2021-07-24 19:50:09 CEST.

Flavor Version Tinstall Tcheck Ttotal Status Flags
r-devel-linux-x86_64-debian-clang 0.1.2 3.47 45.09 48.56 NOTE
r-devel-linux-x86_64-debian-gcc 0.1.2 3.19 34.77 37.96 NOTE
r-devel-linux-x86_64-fedora-clang 0.1.2 68.30 NOTE
r-devel-linux-x86_64-fedora-gcc 0.1.2 56.58 NOTE
r-devel-windows-x86_64 0.1.2 6.00 46.00 52.00 NOTE
r-devel-windows-x86_64-gcc10-UCRT 0.1.2 NOTE
r-patched-linux-x86_64 0.1.2 4.45 43.56 48.01 NOTE
r-patched-solaris-x86 0.1.2 85.50 NOTE
r-release-linux-x86_64 0.1.2 3.81 42.29 46.10 NOTE
r-release-macos-arm64 0.1.2 NOTE
r-release-macos-x86_64 0.1.2 NOTE
r-release-windows-ix86+x86_64 0.1.2 12.00 49.00 61.00 NOTE
r-oldrel-macos-x86_64 0.1.2 OK
r-oldrel-windows-ix86+x86_64 0.1.2 13.00 59.00 72.00 OK

Check Details

Version: 0.1.2
Check: LazyData
Result: NOTE
     'LazyData' is specified without a 'data' directory
Flavors: r-devel-linux-x86_64-debian-clang, r-devel-linux-x86_64-debian-gcc, r-devel-linux-x86_64-fedora-clang, r-devel-linux-x86_64-fedora-gcc, r-devel-windows-x86_64, r-devel-windows-x86_64-gcc10-UCRT, r-patched-linux-x86_64, r-patched-solaris-x86, r-release-linux-x86_64, r-release-macos-arm64, r-release-macos-x86_64, r-release-windows-ix86+x86_64