CRAN Package Check Results for Package alphavantager

Last updated on 2021-10-23 16:49:24 CEST.

Flavor Version Tinstall Tcheck Ttotal Status Flags
r-devel-linux-x86_64-debian-clang 0.1.2 3.85 44.56 48.41 NOTE
r-devel-linux-x86_64-debian-gcc 0.1.2 3.48 33.65 37.13 NOTE
r-devel-linux-x86_64-fedora-clang 0.1.2 70.36 NOTE
r-devel-linux-x86_64-fedora-gcc 0.1.2 56.69 NOTE
r-devel-windows-x86_64 0.1.2 9.00 62.00 71.00 NOTE
r-devel-windows-x86_64-gcc10-UCRT 0.1.2 NOTE
r-patched-linux-x86_64 0.1.2 4.00 41.50 45.50 NOTE
r-patched-solaris-x86 0.1.2 85.70 NOTE
r-release-linux-x86_64 0.1.2 4.27 41.65 45.92 NOTE
r-release-macos-arm64 0.1.2 NOTE
r-release-macos-x86_64 0.1.2 NOTE
r-release-windows-ix86+x86_64 0.1.2 8.00 62.00 70.00 NOTE
r-oldrel-macos-x86_64 0.1.2 OK
r-oldrel-windows-ix86+x86_64 0.1.2 12.00 66.00 78.00 OK

Check Details

Version: 0.1.2
Check: LazyData
Result: NOTE
     'LazyData' is specified without a 'data' directory
Flavors: r-devel-linux-x86_64-debian-clang, r-devel-linux-x86_64-debian-gcc, r-devel-linux-x86_64-fedora-clang, r-devel-linux-x86_64-fedora-gcc, r-devel-windows-x86_64, r-devel-windows-x86_64-gcc10-UCRT, r-patched-linux-x86_64, r-patched-solaris-x86, r-release-linux-x86_64, r-release-macos-arm64, r-release-macos-x86_64, r-release-windows-ix86+x86_64