CRAN Package Check Results for Package alphastable

Last updated on 2021-09-26 16:49:05 CEST.

Flavor Version Tinstall Tcheck Ttotal Status Flags
r-devel-linux-x86_64-debian-clang 0.2.1 6.33 38.12 44.45 NOTE
r-devel-linux-x86_64-debian-gcc 0.2.1 4.80 29.61 34.41 NOTE
r-devel-linux-x86_64-fedora-clang 0.2.1 61.94 NOTE
r-devel-linux-x86_64-fedora-gcc 0.2.1 51.26 NOTE
r-devel-windows-x86_64 0.2.1 7.00 39.00 46.00 NOTE
r-devel-windows-x86_64-gcc10-UCRT 0.2.1 NOTE
r-patched-linux-x86_64 0.2.1 7.28 38.16 45.44 NOTE
r-patched-solaris-x86 0.2.1 71.30 NOTE
r-release-linux-x86_64 0.2.1 6.09 37.37 43.46 NOTE
r-release-macos-arm64 0.2.1 NOTE
r-release-macos-x86_64 0.2.1 NOTE
r-release-windows-ix86+x86_64 0.2.1 11.00 53.00 64.00 NOTE
r-oldrel-macos-x86_64 0.2.1 OK
r-oldrel-windows-ix86+x86_64 0.2.1 10.00 39.00 49.00 OK

Check Details

Version: 0.2.1
Check: LazyData
Result: NOTE
     'LazyData' is specified without a 'data' directory
Flavors: r-devel-linux-x86_64-debian-clang, r-devel-linux-x86_64-debian-gcc, r-devel-linux-x86_64-fedora-clang, r-devel-linux-x86_64-fedora-gcc, r-devel-windows-x86_64, r-devel-windows-x86_64-gcc10-UCRT, r-patched-linux-x86_64, r-patched-solaris-x86, r-release-linux-x86_64, r-release-macos-arm64, r-release-macos-x86_64, r-release-windows-ix86+x86_64