CRAN Package Check Results for Package allestimates

Last updated on 2021-08-02 07:51:35 CEST.

Flavor Version Tinstall Tcheck Ttotal Status Flags
r-devel-linux-x86_64-debian-clang 0.2.1 10.12 176.25 186.37 OK
r-devel-linux-x86_64-debian-gcc 0.2.1 7.97 131.41 139.38 OK
r-devel-linux-x86_64-fedora-clang 0.2.1 223.94 OK
r-devel-linux-x86_64-fedora-gcc 0.2.1 214.19 OK
r-devel-windows-x86_64 0.2.1 19.00 209.00 228.00 OK
r-devel-windows-x86_64-gcc10-UCRT 0.2.1 OK
r-patched-linux-x86_64 0.2.1 OK
r-patched-solaris-x86 0.2.1 294.30 OK
r-release-linux-x86_64 0.2.1 9.51 164.67 174.18 OK
r-release-macos-arm64 0.2.1 WARN
r-release-macos-x86_64 0.2.1 OK
r-release-windows-ix86+x86_64 0.2.1 23.00 204.00 227.00 OK
r-oldrel-macos-x86_64 0.2.1 OK
r-oldrel-windows-ix86+x86_64 0.2.1 30.00 219.00 249.00 OK

Check Details

Version: 0.2.1
Check: re-building of vignette outputs
Result: WARN
    Error(s) in re-building vignettes:
     ...
    --- re-building ‘allestimates-vignette.Rmd’ using rmarkdown
    Warning in engine$weave(file, quiet = quiet, encoding = enc) :
     Pandoc (>= 1.12.3) not available. Falling back to R Markdown v1.
    Quitting from lines 53-54 (allestimates-vignette.Rmd)
    Error: processing vignette 'allestimates-vignette.Rmd' failed with diagnostics:
    polygon edge not found
    --- failed re-building ‘allestimates-vignette.Rmd’
    
    SUMMARY: processing the following file failed:
     ‘allestimates-vignette.Rmd’
    
    Error: Vignette re-building failed.
    Execution halted
Flavor: r-release-macos-arm64