CRAN Package Check Results for Package allcontributors

Last updated on 2021-10-27 16:48:56 CEST.

Flavor Version Tinstall Tcheck Ttotal Status Flags
r-devel-linux-x86_64-debian-clang 0.0.2 2.94 29.12 32.06 NOTE
r-devel-linux-x86_64-debian-gcc 0.0.2 2.25 22.89 25.14 NOTE
r-devel-linux-x86_64-fedora-clang 0.0.2 50.48 NOTE
r-devel-linux-x86_64-fedora-gcc 0.0.2 39.61 NOTE
r-devel-windows-x86_64 0.0.2 4.00 57.00 61.00 NOTE
r-devel-windows-x86_64-gcc10-UCRT 0.0.2 NOTE
r-patched-linux-x86_64 0.0.2 2.73 28.43 31.16 NOTE
r-patched-solaris-x86 0.0.2 55.30 NOTE
r-release-linux-x86_64 0.0.2 2.58 28.45 31.03 NOTE
r-release-macos-arm64 0.0.2 NOTE
r-release-macos-x86_64 0.0.2 NOTE
r-release-windows-ix86+x86_64 0.0.2 5.00 57.00 62.00 NOTE
r-oldrel-macos-x86_64 0.0.2 OK
r-oldrel-windows-ix86+x86_64 0.0.2 7.00 58.00 65.00 OK

Check Details

Version: 0.0.2
Check: LazyData
Result: NOTE
     'LazyData' is specified without a 'data' directory
Flavors: r-devel-linux-x86_64-debian-clang, r-devel-linux-x86_64-debian-gcc, r-devel-linux-x86_64-fedora-clang, r-devel-linux-x86_64-fedora-gcc, r-devel-windows-x86_64, r-devel-windows-x86_64-gcc10-UCRT, r-patched-linux-x86_64, r-patched-solaris-x86, r-release-linux-x86_64, r-release-macos-arm64, r-release-macos-x86_64, r-release-windows-ix86+x86_64