CRAN Package Check Results for Package akima

Last updated on 2021-06-20 09:49:40 CEST.

Flavor Version Tinstall Tcheck Ttotal Status Flags
r-devel-linux-x86_64-debian-clang 0.6-2.1 10.93 38.57 49.50 OK
r-devel-linux-x86_64-debian-gcc 0.6-2.1 8.88 30.07 38.95 OK
r-devel-linux-x86_64-fedora-clang 0.6-2.1 71.89 NOTE
r-devel-linux-x86_64-fedora-gcc 0.6-2.1 61.13 OK
r-devel-windows-x86_64 0.6-2.1 18.00 60.00 78.00 OK
r-devel-windows-x86_64-gcc10-UCRT 0.6-2.1 OK
r-patched-linux-x86_64 0.6-2.1 11.15 38.41 49.56 OK
r-patched-solaris-x86 0.6-2.1 82.70 OK
r-release-linux-x86_64 0.6-2.1 10.65 37.78 48.43 OK
r-release-macos-arm64 0.6-2.1 OK
r-release-macos-x86_64 0.6-2.1 OK
r-release-windows-ix86+x86_64 0.6-2.1 31.00 69.00 100.00 OK
r-oldrel-macos-x86_64 0.6-2.1 OK
r-oldrel-windows-ix86+x86_64 0.6-2.1 24.00 67.00 91.00 OK

Check Details

Version: 0.6-2.1
Check: Rd cross-references
Result: NOTE
    Undeclared package ‘tripack’ in Rd xrefs
Flavor: r-devel-linux-x86_64-fedora-clang