CRAN Package Check Results for Package agridat

Last updated on 2021-08-05 20:05:40 CEST.

Flavor Version Tinstall Tcheck Ttotal Status Flags
r-devel-linux-x86_64-debian-clang 1.18 9.90 108.27 118.17 OK
r-devel-linux-x86_64-debian-gcc 1.18 8.80 96.25 105.05 OK
r-devel-linux-x86_64-fedora-clang 1.18 153.03 OK
r-devel-linux-x86_64-fedora-gcc 1.18 166.45 OK
r-devel-windows-x86_64 1.18 21.00 191.00 212.00 OK
r-devel-windows-x86_64-gcc10-UCRT 1.18 ERROR
r-patched-linux-x86_64 1.18 15.14 102.52 117.66 OK
r-patched-solaris-x86 1.18 184.70 OK
r-release-linux-x86_64 1.18 9.32 103.00 112.32 OK
r-release-macos-arm64 1.18 WARN
r-release-macos-x86_64 1.18 OK
r-release-windows-ix86+x86_64 1.18 21.00 186.00 207.00 OK
r-oldrel-macos-x86_64 1.18 OK
r-oldrel-windows-ix86+x86_64 1.18 15.00 188.00 203.00 OK

Check Details

Version: 1.18
Check: package dependencies
Result: NOTE
    Packages suggested but not available for checking:
     'AER', 'agricolae', 'broom', 'car', 'desplot', 'dplyr',
     'equivalence', 'ggplot2', 'HH', 'nullabor', 'pbkrtest', 'qicharts',
     'SpATS', 'testthat'
Flavor: r-devel-windows-x86_64-gcc10-UCRT

Version: 1.18
Check: examples
Result: ERROR
    Running examples in 'agridat-Ex.R' failed
    The error most likely occurred in:
    
    > ### Name: cochran.latin
    > ### Title: Latin square design in wheat
    > ### Aliases: cochran.latin
    > ### Keywords: datasets
    >
    > ### ** Examples
    >
    >
    > library(agridat)
    >
    > data(cochran.latin)
    > dat <- cochran.latin
    >
    > libs(desplot)
    Installing package into 'C:/msys64/home/tomas/ucrt3/svn/ucrt3/r_packages/pkgcheck/CRAN/agridat/agridat.Rcheck'
    (as 'lib' is unspecified)
    Error in contrib.url(repos, "source") :
     trying to use CRAN without setting a mirror
    Calls: libs -> install.packages -> contrib.url
    Execution halted
Flavor: r-devel-windows-x86_64-gcc10-UCRT

Version: 1.18
Check: tests
Result: ERROR
     Running 'testthat.R'
    Running the tests in 'tests/testthat.R' failed.
    Complete output:
     > library(testthat)
     Error in library(testthat) : there is no package called 'testthat'
     Execution halted
Flavor: r-devel-windows-x86_64-gcc10-UCRT

Version: 1.18
Check: re-building of vignette outputs
Result: WARN
    Error(s) in re-building vignettes:
     ...
    --- re-building ‘agridat_data.Rmd’ using rmarkdown
    Warning in engine$weave(file, quiet = quiet, encoding = enc) :
     Pandoc (>= 1.12.3) not available. Falling back to R Markdown v1.
    --- finished re-building ‘agridat_data.Rmd’
    
    --- re-building ‘agridat_examples.Rmd’ using rmarkdown
    Warning in engine$weave(file, quiet = quiet, encoding = enc) :
     Pandoc (>= 1.12.3) not available. Falling back to R Markdown v1.
    Quitting from lines 39-59 (agridat_examples.Rmd)
    Error: processing vignette 'agridat_examples.Rmd' failed with diagnostics:
    polygon edge not found
    --- failed re-building ‘agridat_examples.Rmd’
    
    --- re-building ‘agridat_intro.Rmd’ using rmarkdown
    Warning in engine$weave(file, quiet = quiet, encoding = enc) :
     Pandoc (>= 1.12.3) not available. Falling back to R Markdown v1.
    --- finished re-building ‘agridat_intro.Rmd’
    
    SUMMARY: processing the following file failed:
     ‘agridat_examples.Rmd’
    
    Error: Vignette re-building failed.
    Execution halted
Flavor: r-release-macos-arm64