CRAN Package Check Results for Package afmToolkit

Last updated on 2022-07-04 05:49:59 CEST.

Flavor Version Tinstall Tcheck Ttotal Status Flags
r-devel-linux-x86_64-debian-clang 0.0.1 9.61 76.40 86.01 OK
r-devel-linux-x86_64-debian-gcc 0.0.1 6.47 59.19 65.66 OK
r-devel-linux-x86_64-fedora-clang 0.0.1 113.38 NOTE
r-devel-linux-x86_64-fedora-gcc 0.0.1 110.64 NOTE
r-devel-windows-x86_64 0.0.1 21.00 103.00 124.00 OK
r-patched-linux-x86_64 0.0.1 8.71 73.89 82.60 OK
r-release-linux-x86_64 0.0.1 8.05 75.04 83.09 OK
r-release-macos-arm64 0.0.1 32.00 NOTE
r-release-macos-x86_64 0.0.1 47.00 NOTE
r-release-windows-x86_64 0.0.1 38.00 105.00 143.00 OK
r-oldrel-macos-arm64 0.0.1 44.00 NOTE
r-oldrel-macos-x86_64 0.0.1 57.00 NOTE
r-oldrel-windows-ix86+x86_64 0.0.1 18.00 101.00 119.00 OK

Check Details

Version: 0.0.1
Check: dependencies in R code
Result: NOTE
    Namespaces in Imports field not imported from:
     ‘DBI’ ‘assertthat’ ‘tibble’
     All declared Imports should be used.
Flavors: r-devel-linux-x86_64-fedora-clang, r-devel-linux-x86_64-fedora-gcc, r-release-macos-arm64, r-release-macos-x86_64, r-oldrel-macos-arm64, r-oldrel-macos-x86_64