CRAN Package Check Results for Package adjustedCurves

Last updated on 2023-02-09 03:56:01 CET.

Flavor Version Tinstall Tcheck Ttotal Status Flags
r-devel-linux-x86_64-debian-clang 0.9.1 15.78 607.69 623.47 OK
r-devel-linux-x86_64-debian-gcc 0.9.1 13.02 173.63 186.65 ERROR
r-devel-linux-x86_64-fedora-clang 0.9.1 186.01 ERROR
r-devel-linux-x86_64-fedora-gcc 0.9.1 167.28 ERROR
r-devel-windows-x86_64 0.9.1 293.00 702.00 995.00 OK
r-patched-linux-x86_64 0.9.1 14.34 229.91 244.25 ERROR
r-release-linux-x86_64 0.9.1 12.43 547.65 560.08 OK
r-release-macos-arm64 0.9.1 196.00 OK
r-release-macos-x86_64 0.9.1 274.00 OK
r-release-windows-x86_64 0.9.1 178.00 714.00 892.00 OK
r-oldrel-macos-arm64 0.9.1 181.00 OK
r-oldrel-macos-x86_64 0.9.1 251.00 OK
r-oldrel-windows-ix86+x86_64 0.9.1 27.00 686.00 713.00 OK

Check Details

Version: 0.9.1
Check: package dependencies
Result: NOTE
    Package suggested but not available for checking: ‘survtmle’
Flavors: r-devel-linux-x86_64-debian-gcc, r-devel-linux-x86_64-fedora-clang, r-devel-linux-x86_64-fedora-gcc, r-patched-linux-x86_64

Version: 0.9.1
Check: Rd cross-references
Result: NOTE
    Unknown package ‘survtmle’ in Rd xrefs
Flavors: r-devel-linux-x86_64-debian-gcc, r-devel-linux-x86_64-fedora-gcc, r-patched-linux-x86_64

Version: 0.9.1
Check: tests
Result: ERROR
     Running ‘testthat.R’ [3s/6s]
    Running the tests in ‘tests/testthat.R’ failed.
    Complete output:
     > library(adjustedCurves)
     >
     > library(dplyr)
    
     Attaching package: 'dplyr'
    
     The following objects are masked from 'package:stats':
    
     filter, lag
    
     The following objects are masked from 'package:base':
    
     intersect, setdiff, setequal, union
    
     >
     > library(testthat)
    
     Attaching package: 'testthat'
    
     The following object is masked from 'package:dplyr':
    
     matches
    
     > library(vdiffr)
     > library(survival)
     > library(ggplot2)
     > library(Matching)
     Loading required package: MASS
    
     Attaching package: 'MASS'
    
     The following object is masked from 'package:dplyr':
    
     select
    
     ##
     ## Matching (Version 4.10-8, Build Date: 2022-11-03)
     ## See http://sekhon.berkeley.edu/matching for additional documentation.
     ## Please cite software as:
     ## Jasjeet S. Sekhon. 2011. ``Multivariate and Propensity Score Matching
     ## Software with Automated Balance Optimization: The Matching package for R.''
     ## Journal of Statistical Software, 42(7): 1-52.
     ##
    
     > library(WeightIt)
     > library(prodlim)
     > library(survtmle)
     Error in library(survtmle) : there is no package called 'survtmle'
     Execution halted
Flavor: r-devel-linux-x86_64-debian-gcc

Version: 0.9.1
Check: Rd cross-references
Result: NOTE
    Undeclared packages ‘timereg’, ‘rms’, ‘ranger’ in Rd xrefs
    Unknown package ‘survtmle’ in Rd xrefs
Flavor: r-devel-linux-x86_64-fedora-clang

Version: 0.9.1
Check: tests
Result: ERROR
     Running ‘testthat.R’
    Running the tests in ‘tests/testthat.R’ failed.
    Complete output:
     > library(adjustedCurves)
     >
     > library(dplyr)
    
     Attaching package: 'dplyr'
    
     The following objects are masked from 'package:stats':
    
     filter, lag
    
     The following objects are masked from 'package:base':
    
     intersect, setdiff, setequal, union
    
     >
     > library(testthat)
    
     Attaching package: 'testthat'
    
     The following object is masked from 'package:dplyr':
    
     matches
    
     > library(vdiffr)
     > library(survival)
     > library(ggplot2)
     > library(Matching)
     Loading required package: MASS
    
     Attaching package: 'MASS'
    
     The following object is masked from 'package:dplyr':
    
     select
    
     ##
     ## Matching (Version 4.10-8, Build Date: 2022-11-03)
     ## See http://sekhon.berkeley.edu/matching for additional documentation.
     ## Please cite software as:
     ## Jasjeet S. Sekhon. 2011. ``Multivariate and Propensity Score Matching
     ## Software with Automated Balance Optimization: The Matching package for R.''
     ## Journal of Statistical Software, 42(7): 1-52.
     ##
    
     > library(WeightIt)
     > library(prodlim)
     > library(survtmle)
     Error in library(survtmle) : there is no package called 'survtmle'
     Execution halted
Flavors: r-devel-linux-x86_64-fedora-clang, r-devel-linux-x86_64-fedora-gcc

Version: 0.9.1
Check: tests
Result: ERROR
     Running ‘testthat.R’ [4s/7s]
    Running the tests in ‘tests/testthat.R’ failed.
    Complete output:
     > library(adjustedCurves)
     >
     > library(dplyr)
    
     Attaching package: 'dplyr'
    
     The following objects are masked from 'package:stats':
    
     filter, lag
    
     The following objects are masked from 'package:base':
    
     intersect, setdiff, setequal, union
    
     >
     > library(testthat)
    
     Attaching package: 'testthat'
    
     The following object is masked from 'package:dplyr':
    
     matches
    
     > library(vdiffr)
     > library(survival)
     > library(ggplot2)
     > library(Matching)
     Loading required package: MASS
    
     Attaching package: 'MASS'
    
     The following object is masked from 'package:dplyr':
    
     select
    
     ##
     ## Matching (Version 4.10-8, Build Date: 2022-11-03)
     ## See http://sekhon.berkeley.edu/matching for additional documentation.
     ## Please cite software as:
     ## Jasjeet S. Sekhon. 2011. ``Multivariate and Propensity Score Matching
     ## Software with Automated Balance Optimization: The Matching package for R.''
     ## Journal of Statistical Software, 42(7): 1-52.
     ##
    
     > library(WeightIt)
     > library(prodlim)
     > library(survtmle)
     Error in library(survtmle) : there is no package called 'survtmle'
     Execution halted
Flavor: r-patched-linux-x86_64