CRAN Package Check Results for Package adepro

Last updated on 2021-10-20 16:50:26 CEST.

Flavor Version Tinstall Tcheck Ttotal Status Flags
r-devel-linux-x86_64-debian-clang 3.2.0 8.60 88.80 97.40 OK
r-devel-linux-x86_64-debian-gcc 3.2.0 7.43 65.48 72.91 OK
r-devel-linux-x86_64-fedora-clang 3.2.0 128.14 NOTE
r-devel-linux-x86_64-fedora-gcc 3.2.0 111.81 NOTE
r-devel-windows-x86_64 3.2.0 16.00 123.00 139.00 OK
r-devel-windows-x86_64-gcc10-UCRT 3.2.0 NOTE
r-patched-linux-x86_64 3.2.0 9.24 83.44 92.68 OK
r-patched-solaris-x86 3.2.0 162.20 NOTE
r-release-linux-x86_64 3.2.0 9.05 83.77 92.82 OK
r-release-macos-arm64 3.2.0 NOTE
r-release-macos-x86_64 3.2.0 NOTE
r-release-windows-ix86+x86_64 3.2.0 24.00 126.00 150.00 OK
r-oldrel-macos-x86_64 3.2.0 NOTE
r-oldrel-windows-ix86+x86_64 3.2.0 26.00 127.00 153.00 OK

Check Details

Version: 3.2.0
Check: dependencies in R code
Result: NOTE
    Namespace in Imports field not imported from: ‘jsonlite’
     All declared Imports should be used.
Flavors: r-devel-linux-x86_64-fedora-clang, r-devel-linux-x86_64-fedora-gcc, r-devel-windows-x86_64-gcc10-UCRT, r-patched-solaris-x86, r-release-macos-arm64, r-release-macos-x86_64, r-oldrel-macos-x86_64