Last updated on 2022-07-04 05:49:59 CEST.
Flavor | Version | Tinstall | Tcheck | Ttotal | Status | Flags |
---|---|---|---|---|---|---|
r-devel-linux-x86_64-debian-clang | 0.3.14 | 9.53 | 60.93 | 70.46 | OK | |
r-devel-linux-x86_64-debian-gcc | 0.3.14 | 7.12 | 47.10 | 54.22 | OK | |
r-devel-linux-x86_64-fedora-clang | 0.3.14 | 97.06 | NOTE | |||
r-devel-linux-x86_64-fedora-gcc | 0.3.14 | 94.21 | NOTE | |||
r-devel-windows-x86_64 | 0.3.14 | 53.00 | 106.00 | 159.00 | OK | |
r-patched-linux-x86_64 | 0.3.14 | 8.71 | 58.57 | 67.28 | OK | |
r-release-linux-x86_64 | 0.3.14 | 8.51 | 59.20 | 67.71 | OK | |
r-release-macos-arm64 | 0.3.14 | 38.00 | NOTE | |||
r-release-macos-x86_64 | 0.3.14 | 47.00 | NOTE | |||
r-release-windows-x86_64 | 0.3.14 | 51.00 | 111.00 | 162.00 | OK | |
r-oldrel-macos-arm64 | 0.3.14 | 48.00 | NOTE | |||
r-oldrel-macos-x86_64 | 0.3.14 | 62.00 | NOTE | |||
r-oldrel-windows-ix86+x86_64 | 0.3.14 | 22.00 | 111.00 | 133.00 | OK |
Version: 0.3.14
Check: dependencies in R code
Result: NOTE
Namespace in Imports field not imported from: ‘filehash’
All declared Imports should be used.
Flavors: r-devel-linux-x86_64-fedora-clang, r-devel-linux-x86_64-fedora-gcc, r-release-macos-arm64, r-release-macos-x86_64, r-oldrel-macos-arm64, r-oldrel-macos-x86_64