CRAN Package Check Results for Package adehabitatLT

Last updated on 2021-09-23 04:56:11 CEST.

Flavor Version Tinstall Tcheck Ttotal Status Flags
r-devel-linux-x86_64-debian-clang 0.3.25 17.06 125.80 142.86 OK
r-devel-linux-x86_64-debian-gcc 0.3.25 12.02 101.77 113.79 OK
r-devel-linux-x86_64-fedora-clang 0.3.25 175.91 OK
r-devel-linux-x86_64-fedora-gcc 0.3.25 172.36 OK
r-devel-windows-x86_64 0.3.25 16.00 122.00 138.00 OK
r-devel-windows-x86_64-gcc10-UCRT 0.3.25 ERROR
r-patched-linux-x86_64 0.3.25 16.02 128.94 144.96 OK
r-patched-solaris-x86 0.3.25 284.00 OK
r-release-linux-x86_64 0.3.25 12.17 130.14 142.31 OK
r-release-macos-arm64 0.3.25 OK
r-release-macos-x86_64 0.3.25 OK
r-release-windows-ix86+x86_64 0.3.25 33.00 177.00 210.00 OK
r-oldrel-macos-x86_64 0.3.25 OK
r-oldrel-windows-ix86+x86_64 0.3.25 22.00 134.00 156.00 OK

Check Details

Version: 0.3.25
Check: whether package can be installed
Result: ERROR
    Installation failed.
Flavor: r-devel-windows-x86_64-gcc10-UCRT