CRAN Package Check Results for Package adehabitatHR

Last updated on 2021-09-20 04:57:56 CEST.

Flavor Version Tinstall Tcheck Ttotal Status Flags
r-devel-linux-x86_64-debian-clang 0.4.19 14.86 103.78 118.64 OK
r-devel-linux-x86_64-debian-gcc 0.4.19 10.88 78.04 88.92 OK
r-devel-linux-x86_64-fedora-clang 0.4.19 147.70 OK
r-devel-linux-x86_64-fedora-gcc 0.4.19 139.15 OK
r-devel-windows-x86_64 0.4.19 18.00 101.00 119.00 OK
r-devel-windows-x86_64-gcc10-UCRT 0.4.19 ERROR
r-patched-linux-x86_64 0.4.19 14.02 99.87 113.89 OK
r-patched-solaris-x86 0.4.19 186.00 OK
r-release-linux-x86_64 0.4.19 11.50 99.44 110.94 OK
r-release-macos-arm64 0.4.19 OK
r-release-macos-x86_64 0.4.19 OK
r-release-windows-ix86+x86_64 0.4.19 31.00 154.00 185.00 OK
r-oldrel-macos-x86_64 0.4.19 OK
r-oldrel-windows-ix86+x86_64 0.4.19 30.00 167.00 197.00 OK

Check Details

Version: 0.4.19
Check: whether package can be installed
Result: ERROR
    Installation failed.
Flavor: r-devel-windows-x86_64-gcc10-UCRT