CRAN Package Check Results for Package addinsJoaoMelo

Last updated on 2021-07-26 19:49:07 CEST.

Flavor Version Tinstall Tcheck Ttotal Status Flags
r-devel-linux-x86_64-debian-clang 0.1.0 1.77 22.28 24.05 NOTE
r-devel-linux-x86_64-debian-gcc 0.1.0 1.62 17.68 19.30 NOTE
r-devel-linux-x86_64-fedora-clang 0.1.0 38.62 NOTE
r-devel-linux-x86_64-fedora-gcc 0.1.0 27.69 NOTE
r-devel-windows-x86_64 0.1.0 3.00 38.00 41.00 NOTE
r-devel-windows-x86_64-gcc10-UCRT 0.1.0 NOTE
r-patched-linux-x86_64 0.1.0 1.77 21.47 23.24 NOTE
r-patched-solaris-x86 0.1.0 43.60 NOTE
r-release-linux-x86_64 0.1.0 1.94 21.59 23.53 NOTE
r-release-macos-arm64 0.1.0 NOTE
r-release-macos-x86_64 0.1.0 NOTE
r-release-windows-ix86+x86_64 0.1.0 6.00 36.00 42.00 NOTE
r-oldrel-macos-x86_64 0.1.0 OK
r-oldrel-windows-ix86+x86_64 0.1.0 4.00 37.00 41.00 OK

Check Details

Version: 0.1.0
Check: LazyData
Result: NOTE
     'LazyData' is specified without a 'data' directory
Flavors: r-devel-linux-x86_64-debian-clang, r-devel-linux-x86_64-debian-gcc, r-devel-linux-x86_64-fedora-clang, r-devel-linux-x86_64-fedora-gcc, r-devel-windows-x86_64, r-devel-windows-x86_64-gcc10-UCRT, r-patched-linux-x86_64, r-patched-solaris-x86, r-release-linux-x86_64, r-release-macos-arm64, r-release-macos-x86_64, r-release-windows-ix86+x86_64