CRAN Package Check Results for Package adapt4pv

Last updated on 2021-09-21 04:54:52 CEST.

Flavor Version Tinstall Tcheck Ttotal Status Flags
r-devel-linux-x86_64-debian-clang 0.2-0 10.36 84.22 94.58 OK
r-devel-linux-x86_64-debian-gcc 0.2-0 8.38 62.45 70.83 OK
r-devel-linux-x86_64-fedora-clang 0.2-0 117.79 OK
r-devel-linux-x86_64-fedora-gcc 0.2-0 107.28 OK
r-devel-windows-x86_64 0.2-0 11.00 76.00 87.00 OK
r-devel-windows-x86_64-gcc10-UCRT 0.2-0 ERROR
r-patched-linux-x86_64 0.2-0 10.15 77.82 87.97 OK
r-patched-solaris-x86 0.2-0 160.40 OK
r-release-linux-x86_64 0.2-0 9.78 79.09 88.87 OK
r-release-macos-arm64 0.2-0 OK
r-release-macos-x86_64 0.2-0 OK
r-release-windows-ix86+x86_64 0.2-0 21.00 105.00 126.00 OK
r-oldrel-macos-x86_64 0.2-0 OK
r-oldrel-windows-ix86+x86_64 0.2-0 21.00 72.00 93.00 OK

Check Details

Version: 0.2-0
Check: whether package can be installed
Result: WARN
    Found the following significant warnings:
     WARNING: installation-time patches will not be applied, could not get the patches index
Flavor: r-devel-windows-x86_64-gcc10-UCRT

Version: 0.2-0
Check: PDF version of manual
Result: WARN
    LaTeX errors when creating PDF version.
    This typically indicates Rd problems.
Flavor: r-devel-windows-x86_64-gcc10-UCRT

Version: 0.2-0
Check: PDF version of manual without hyperrefs or index
Result: ERROR
    Re-running with no redirection of stdout/stderr.
Flavor: r-devel-windows-x86_64-gcc10-UCRT