CRAN Package Check Results for Package adagio

Last updated on 2021-09-21 16:51:06 CEST.

Flavor Version Tinstall Tcheck Ttotal Status Flags
r-devel-linux-x86_64-debian-clang 0.8.4 4.95 33.56 38.51 OK
r-devel-linux-x86_64-debian-gcc 0.8.4 3.52 25.31 28.83 OK
r-devel-linux-x86_64-fedora-clang 0.8.4 53.80 OK
r-devel-linux-x86_64-fedora-gcc 0.8.4 43.05 OK
r-devel-windows-x86_64 0.8.4 6.00 37.00 43.00 OK
r-devel-windows-x86_64-gcc10-UCRT 0.8.4 ERROR
r-patched-linux-x86_64 0.8.4 5.24 32.45 37.69 OK
r-patched-solaris-x86 0.8.4 61.50 OK
r-release-linux-x86_64 0.8.4 3.90 32.24 36.14 OK
r-release-macos-arm64 0.8.4 OK
r-release-macos-x86_64 0.8.4 OK
r-release-windows-ix86+x86_64 0.8.4 10.00 48.00 58.00 OK
r-oldrel-macos-x86_64 0.8.4 OK
r-oldrel-windows-ix86+x86_64 0.8.4 7.00 43.00 50.00 OK

Check Details

Version: 0.8.4
Check: whether package can be installed
Result: WARN
    Found the following significant warnings:
     WARNING: installation-time patches will not be applied, could not get the patches index
Flavor: r-devel-windows-x86_64-gcc10-UCRT

Version: 0.8.4
Check: PDF version of manual
Result: WARN
    LaTeX errors when creating PDF version.
    This typically indicates Rd problems.
Flavor: r-devel-windows-x86_64-gcc10-UCRT

Version: 0.8.4
Check: PDF version of manual without hyperrefs or index
Result: ERROR
    Re-running with no redirection of stdout/stderr.
Flavor: r-devel-windows-x86_64-gcc10-UCRT