CRAN Package Check Results for Package actuar

Last updated on 2021-08-03 19:51:53 CEST.

Flavor Version Tinstall Tcheck Ttotal Status Flags
r-devel-linux-x86_64-debian-clang 3.1-4 19.84 177.19 197.03 OK
r-devel-linux-x86_64-debian-gcc 3.1-4 16.28 129.53 145.81 OK
r-devel-linux-x86_64-fedora-clang 3.1-4 327.57 OK
r-devel-linux-x86_64-fedora-gcc 3.1-4 229.60 OK
r-devel-windows-x86_64 3.1-4 38.00 232.00 270.00 OK
r-devel-windows-x86_64-gcc10-UCRT 3.1-4 OK
r-patched-linux-x86_64 3.1-4 21.34 171.92 193.26 OK
r-patched-solaris-x86 3.1-4 287.00 OK
r-release-linux-x86_64 3.1-4 17.62 172.87 190.49 OK
r-release-macos-arm64 3.1-4 OK
r-release-macos-x86_64 3.1-4 OK
r-release-windows-ix86+x86_64 3.1-4 78.00 234.00 312.00 OK
r-oldrel-macos-x86_64 3.1-2 OK
r-oldrel-windows-ix86+x86_64 3.1-3 18.00 8.00 26.00 ERROR

Check Details

Version: 3.1-3
Check: whether package can be installed
Result: ERROR
    Installation failed.
Flavor: r-oldrel-windows-ix86+x86_64