CRAN Package Check Results for Package act

Last updated on 2021-07-25 07:49:52 CEST.

Flavor Version Tinstall Tcheck Ttotal Status Flags
r-devel-linux-x86_64-debian-clang 1.1.0 14.04 76.90 90.94 OK
r-devel-linux-x86_64-debian-gcc 1.1.0 10.83 56.80 67.63 OK
r-devel-linux-x86_64-fedora-clang 1.1.0 115.32 NOTE
r-devel-linux-x86_64-fedora-gcc 1.1.0 104.98 NOTE
r-devel-windows-x86_64 1.1.0 15.00 80.00 95.00 OK
r-devel-windows-x86_64-gcc10-UCRT 1.1.0 NOTE
r-patched-linux-x86_64 1.1.0 13.32 73.37 86.69 OK
r-patched-solaris-x86 1.1.0 128.30 NOTE
r-release-linux-x86_64 1.1.0 11.13 74.07 85.20 OK
r-release-macos-arm64 1.1.0 NOTE
r-release-macos-x86_64 1.1.0 NOTE
r-release-windows-ix86+x86_64 1.1.0 23.00 89.00 112.00 OK
r-oldrel-macos-x86_64 1.1.0 NOTE
r-oldrel-windows-ix86+x86_64 1.1.0 23.00 99.00 122.00 OK

Check Details

Version: 1.1.0
Check: data for non-ASCII characters
Result: NOTE
     Note: found 305 marked UTF-8 strings
Flavors: r-devel-linux-x86_64-fedora-clang, r-devel-linux-x86_64-fedora-gcc, r-devel-windows-x86_64-gcc10-UCRT, r-patched-solaris-x86, r-release-macos-arm64, r-release-macos-x86_64, r-oldrel-macos-x86_64