CRAN Package Check Results for Package acebayes

Last updated on 2021-10-18 04:54:11 CEST.

Flavor Version Tinstall Tcheck Ttotal Status Flags
r-devel-linux-x86_64-debian-clang 1.10 39.32 78.81 118.13 OK
r-devel-linux-x86_64-debian-gcc 1.10 24.30 45.06 69.36 OK
r-devel-linux-x86_64-fedora-clang 1.10 147.29 OK
r-devel-linux-x86_64-fedora-gcc 1.10 120.91 OK
r-devel-windows-x86_64 1.10 41.00 88.00 129.00 OK
r-devel-windows-x86_64-gcc10-UCRT 1.10 OK
r-patched-linux-x86_64 1.10 31.88 57.73 89.61 OK
r-patched-solaris-x86 1.10 139.70 OK
r-release-linux-x86_64 1.10 27.64 57.17 84.81 OK
r-release-macos-arm64 1.10 NOTE
r-release-macos-x86_64 1.10 OK
r-release-windows-ix86+x86_64 1.10 51.00 123.00 174.00 OK
r-oldrel-macos-x86_64 1.10 OK
r-oldrel-windows-ix86+x86_64 1.10 73.00 131.00 204.00 OK

Check Details

Version: 1.10
Check: installed package size
Result: NOTE
     installed size is 5.1Mb
     sub-directories of 1Mb or more:
     R 1.4Mb
     libs 3.5Mb
Flavor: r-release-macos-arm64