CRAN Package Check Results for Package abjutils

Last updated on 2021-08-01 19:51:15 CEST.

Flavor Version Tinstall Tcheck Ttotal Status Flags
r-devel-linux-x86_64-debian-clang 0.3.1 2.29 28.08 30.37 NOTE
r-devel-linux-x86_64-debian-gcc 0.3.1 2.03 22.12 24.15 NOTE
r-devel-linux-x86_64-fedora-clang 0.3.1 47.09 NOTE
r-devel-linux-x86_64-fedora-gcc 0.3.1 36.49 NOTE
r-devel-windows-x86_64 0.3.1 5.00 46.00 51.00 NOTE
r-devel-windows-x86_64-gcc10-UCRT 0.3.1 NOTE
r-patched-linux-x86_64 0.3.1 NOTE
r-patched-solaris-x86 0.3.1 55.50 NOTE
r-release-linux-x86_64 0.3.1 2.30 27.47 29.77 NOTE
r-release-macos-arm64 0.3.1 NOTE
r-release-macos-x86_64 0.3.1 NOTE
r-release-windows-ix86+x86_64 0.3.1 6.00 43.00 49.00 NOTE
r-oldrel-macos-x86_64 0.3.1 OK
r-oldrel-windows-ix86+x86_64 0.3.1 5.00 45.00 50.00 OK

Check Details

Version: 0.3.1
Check: LazyData
Result: NOTE
     'LazyData' is specified without a 'data' directory
Flavors: r-devel-linux-x86_64-debian-clang, r-devel-linux-x86_64-debian-gcc, r-devel-linux-x86_64-fedora-clang, r-devel-linux-x86_64-fedora-gcc, r-devel-windows-x86_64, r-devel-windows-x86_64-gcc10-UCRT, r-patched-linux-x86_64, r-patched-solaris-x86, r-release-linux-x86_64, r-release-macos-arm64, r-release-macos-x86_64, r-release-windows-ix86+x86_64

Version: 0.3.1
Check: Rd cross-references
Result: NOTE
    Undeclared package ‘httr’ in Rd xrefs
Flavor: r-devel-linux-x86_64-fedora-clang