CRAN Package Check Results for Package abclass

Last updated on 2022-10-02 11:54:07 CEST.

Flavor Version Tinstall Tcheck Ttotal Status Flags
r-devel-linux-x86_64-debian-clang 0.4.0 598.11 44.79 642.90 OK
r-devel-linux-x86_64-debian-gcc 0.4.0 489.23 33.39 522.62 OK
r-devel-linux-x86_64-fedora-clang 0.4.0 919.19 OK
r-devel-linux-x86_64-fedora-gcc 0.4.0 863.08 OK
r-devel-windows-x86_64 0.4.0 376.00 110.00 486.00 OK
r-patched-linux-x86_64 0.4.0 504.94 40.45 545.39 OK
r-release-linux-x86_64 0.4.0 505.36 41.26 546.62 OK
r-release-macos-arm64 0.4.0 225.00 NOTE
r-release-macos-x86_64 0.4.0 247.00 NOTE
r-release-windows-x86_64 0.4.0 376.00 108.00 484.00 OK
r-oldrel-macos-arm64 0.4.0 208.00 NOTE
r-oldrel-macos-x86_64 0.4.0 252.00 NOTE
r-oldrel-windows-ix86+x86_64 0.4.0 1249.00 112.00 1361.00 NOTE

Check Details

Version: 0.4.0
Check: installed package size
Result: NOTE
     installed size is 30.4Mb
     sub-directories of 1Mb or more:
     libs 29.9Mb
Flavors: r-release-macos-arm64, r-release-macos-x86_64, r-oldrel-macos-arm64, r-oldrel-macos-x86_64, r-oldrel-windows-ix86+x86_64