CRAN Package Check Results for Package aMNLFA

Last updated on 2021-10-18 04:54:12 CEST.

Flavor Version Tinstall Tcheck Ttotal Status Flags
r-devel-linux-x86_64-debian-clang 1.0.0 6.03 58.54 64.57 OK
r-devel-linux-x86_64-debian-gcc 1.0.0 4.60 43.68 48.28 OK
r-devel-linux-x86_64-fedora-clang 1.0.0 86.59 NOTE
r-devel-linux-x86_64-fedora-gcc 1.0.0 78.33 NOTE
r-devel-windows-x86_64 1.0.0 10.00 83.00 93.00 OK
r-devel-windows-x86_64-gcc10-UCRT 1.0.0 NOTE
r-patched-linux-x86_64 1.0.0 5.53 55.80 61.33 OK
r-patched-solaris-x86 1.0.0 99.40 NOTE
r-release-linux-x86_64 1.0.0 4.97 55.17 60.14 OK
r-release-macos-arm64 1.0.0 NOTE
r-release-macos-x86_64 1.0.0 NOTE
r-release-windows-ix86+x86_64 1.0.0 12.00 88.00 100.00 OK
r-oldrel-macos-x86_64 1.0.0 NOTE
r-oldrel-windows-ix86+x86_64 1.0.0 12.00 83.00 95.00 OK

Check Details

Version: 1.0.0
Check: dependencies in R code
Result: NOTE
    Namespaces in Imports field not imported from:
     ‘devtools’ ‘dplyr’ ‘gridExtra’ ‘plyr’
     All declared Imports should be used.
Flavors: r-devel-linux-x86_64-fedora-clang, r-devel-linux-x86_64-fedora-gcc, r-devel-windows-x86_64-gcc10-UCRT, r-patched-solaris-x86, r-release-macos-arm64, r-release-macos-x86_64, r-oldrel-macos-x86_64