CRAN Package Check Results for Package Zseq

Last updated on 2021-06-17 09:52:06 CEST.

Flavor Version Tinstall Tcheck Ttotal Status Flags
r-devel-linux-x86_64-debian-clang 0.2.0 3.02 31.30 34.32 NOTE
r-devel-linux-x86_64-debian-gcc 0.2.0 2.86 24.73 27.59 NOTE
r-devel-linux-x86_64-fedora-clang 0.2.0 50.60 NOTE
r-devel-linux-x86_64-fedora-gcc 0.2.0 40.74 NOTE
r-devel-windows-x86_64 0.2.0 6.00 47.00 53.00 NOTE
r-devel-windows-x86_64-gcc10-UCRT 0.2.0 NOTE
r-patched-linux-x86_64 0.2.0 3.77 30.43 34.20 NOTE
r-patched-solaris-x86 0.2.0 58.20 NOTE
r-release-linux-x86_64 0.2.0 3.25 30.28 33.53 NOTE
r-release-macos-arm64 0.2.0 NOTE
r-release-macos-x86_64 0.2.0 NOTE
r-release-windows-ix86+x86_64 0.2.0 8.00 39.00 47.00 NOTE
r-oldrel-macos-x86_64 0.2.0 OK
r-oldrel-windows-ix86+x86_64 0.2.0 5.00 52.00 57.00 OK

Check Details

Version: 0.2.0
Check: LazyData
Result: NOTE
     'LazyData' is specified without a 'data' directory
Flavors: r-devel-linux-x86_64-debian-clang, r-devel-linux-x86_64-debian-gcc, r-devel-linux-x86_64-fedora-clang, r-devel-linux-x86_64-fedora-gcc, r-devel-windows-x86_64, r-devel-windows-x86_64-gcc10-UCRT, r-patched-linux-x86_64, r-patched-solaris-x86, r-release-linux-x86_64, r-release-macos-arm64, r-release-macos-x86_64, r-release-windows-ix86+x86_64